{"text_format":"1","workbook":"xlsx","n_sheets":8,"sheets":["ReadMe","ChangeLog","Interpolate","BlendAirfoils","3DStall","TableExtrap","DynStall","Editor Format"],"not_rendered":{"charts":8,"images":8,"macros":1,"external_links":0,"defined_names":17,"comments":3,"pivot_tables":0},"unopened":[],"bounds":{"document_bytes":16777216,"sheet_cells":100000,"rows_first":2000,"rows_last":500,"rows_between":2000,"halvings":0,"cell_chars":16384,"cell_head_chars":4096},"cells_cut":0,"cells_raw":0,"read":"whole","date_system":"1900"}

{"sheet":"ReadMe","index":0,"n_rows":0,"n_cols":0,"rows_kept":0,"cut":false,"hidden":false,"merged":[]}

{"sheet":"ChangeLog","index":1,"n_rows":0,"n_cols":0,"rows_kept":0,"cut":false,"hidden":false,"merged":[]}

{"sheet":"Interpolate","index":2,"n_rows":189,"n_cols":5,"rows_kept":189,"cut":false,"hidden":false,"merged":[]}
["Generates an \"Interpolated Table\" from an \"Original Table\""]
["Generates new values of Y for new values of X, based upon an original X,Y table"]
[null,"Both tables must list X values in ascending order"]
[null,"The New X values must all lie within the range of the original X values"]
[]
[null,"Original Table",null,"Interpolated Table"]
[]
[null,"X Value","Y value","New X","New Y"]
[null,-181.99600000000001,-5.2556400000000003E-2,-180,-2.1338479679144238E-2]
[null,-179.75200000000001,-1.7459700000000002E-2,-178,3.1764061733883936E-2]
[null,-179.33,1.3635599999999999E-2,-176,6.2974188154897803E-2]
[null,-176.18100000000001,5.6557799999999998E-2,-174,0.11422078834951453]
[null,-175.303,8.7682599999999999E-2,-172,0.14193185978687625]
[null,-173.964,0.114954,-170,0.18060966169154227]
[null,-172.16300000000001,0.13837099999999999,-168,0.19301000000000001]
[null,-170.38,0.17732200000000001,-166,0.19253117740174669]
[null,-168.571,0.19297300000000001,-164,0.18784416179677274]
[null,-166.28700000000001,0.19312099999999999,-162,0.18072232210755021]
[null,-164.45500000000001,0.189356,-160,0.17022673234811164]
[null,-162.16200000000001,0.18173700000000001,-158,0.17035590585659552]
[null,-160.321,0.170206,-156,0.17333371884164223]
[null,-156.667,0.17044200000000001,-154,0.18200453995601168]
[null,-153.93899999999999,0.18226899999999999,-152,0.20184502952029529]
[null,-151.22900000000001,0.20962900000000001,-150,0.22025860035366945]
[null,-148.96700000000001,0.22919300000000001,-148,0.23477198273962546]
[null,-146.244,0.24490300000000001,-146,0.24666134350864288]
[null,-143.52500000000001,0.26449699999999998,-144,0.26107399521883046]
[null,-140.816,0.29185699999999998,-142,0.27989899335548174]
[null,-135.81299999999999,0.31159799999999999,-140,0.29507679932040776]
[null,-128.03800000000001,0.30433399999999999,-138,0.30296846432140712]
[null,-122.113,0.31636799999999998,-136,0.31086012932240648]
[null,-115.256,0.31292799999999998,-134,0.30990415665594856]
[null,-111.136,0.30542799999999998,-132,0.30803560360128618]
[null,-102.91699999999997,0.30984400000000001,-130,0.3061670505466238]
[null,-94.677000000000021,0.29484300000000002,-128,0.30441118008438822]
[null,-87.824999999999989,0.29528599999999999,-126,0.30847328978902955]
[null,-81.425000000000011,0.29181699999999999,-124,0.31253539949367087]
[null,-74.567999999999984,0.28837699999999999,-122,0.3163113104856351]
[null,-68.62,0.28099499999999999,-120,0.31530795624908853]
[null,-62.677000000000021,0.27749699999999999,-118,0.3143046020125419]
[null,-56.73399999999998,0.27399800000000002,-116,0.31330124777599533]
[null,-48.946000000000026,0.25508399999999998,-114,0.31064159223300969]
[null,-41.615000000000009,0.23614099999999999,-112,0.30700081553398056]
[null,-37.937999999999988,0.21696199999999999,-110,0.30603836330453826]
[null,-33.357000000000028,0.20560800000000001,-108,0.30711294658717603]
[null,-28.295999999999992,0.174868,-106,0.30818752986981385]
[null,-25.528999999999996,0.15174599999999999,-104,0.30926211315245161]
[null,-22.300000000000011,0.12477000000000001,-102,0.3081745925970874]
[null,-19.071000000000026,9.7794800000000001E-2,-100,0.30453357317961166]
[null,-17.213000000000022,7.0730600000000005E-2,-98,0.30089255376213592]
[null,-15.810999999999979,4.3636800000000003E-2,-96,0.29725153434466017]
[null,-14.404999999999973,1.2659800000000001E-2,-94,0.29488676984821954]
[null,-13.47399999999999,-2.8138500000000001E-3,-92,0.29501607516053707]
[null,-10.72399999999999,-1.04029E-2,-90,0.29514538047285466]
[null,-7.5310000000000059,-6.3126800000000002E-3,-88,0.29527468578517219]
[null,0.226192,1.9563900000000001E-3,-86,0.29429679296875]
[null,4.3331299999999997,6.1057000000000004E-3,-84,0.29321273046875002]
[null,10.271800000000001,6.4900799999999996E-3,-82,0.29212866796874998]
[null,14.848800000000001,-9.8065799999999992E-4,-80,0.29110211010646053]
[null,17.665099999999999,-6.6817799999999997E-2,-78,0.29009875586991396]
[null,20.9161,-0.113209,-76,0.28909540163336739]
[null,24.606100000000001,-0.144038,-74,0.28767206119704103]
[null,28.7486,-0.170955,-72,0.28518988231338266]
[null,33.813499999999998,-0.20557800000000001,-70,0.28270770342972429]
[null,42.989800000000002,-0.23993600000000001,-68,0.28063007319535588]
[null,50.786700000000003,-0.26661600000000002,-66,0.27945288995456841]
[null,59.479599999999998,-0.27770400000000001,-64,0.27827570671378088]
[null,65.436000000000007,-0.292852,-62,0.27709840955746257]
[null,73.201899999999995,-0.29234900000000003,-60,0.27592088978630319]
[null,79.597399999999993,-0.291935,-58,0.27474337001514387]
[null,88.738200000000006,-0.29522700000000002,-56,0.27221540164355423]
[null,100.624,-0.30222500000000002,-54,0.26735818541345663]
[null,110.226,-0.30936999999999998,-52,0.26250096918335897]
[null,119.372,-0.31654599999999999,-50,0.25764375295326136]
[null,126.672,-0.30830600000000002,-48,0.25263957522848168]
[null,132.61500000000001,-0.311805,-46,0.24747165816396119]
[null,139.45400000000001,-0.29971199999999998,-44,0.24230374109944067]
[null,144.452,-0.27608700000000003,-42,0.23713582403492017]
[null,149.88499999999999,-0.233017,-40,0.22771726189828664]
[null,152.595,-0.20565700000000001,-38,0.21728538808811537]
[null,156.22300000000001,-0.18212100000000001,-36,0.21215867059593974]
[null,160.78299999999999,-0.17405899999999999,-34,0.20720167430691985]
[null,163.52799999999999,-0.17776500000000001,-32,0.19736571981821763]
[null,165.821,-0.18538399999999999,-30,0.1852179229401304]
[null,168.11799999999999,-0.19688600000000001,-28,0.1723945225876401]
[null,169.93700000000001,-0.189001,-26,0.15568183736899172]
[null,173.09399999999999,-0.15384500000000001,-24,0.13897229173118608]
[null,175.78200000000001,-0.107069,-22,0.12226378755032508]
[null,178.00399999999999,-5.2556400000000003E-2,-20,0.10555570455249284]
[null,180.24799999999999,-1.7459700000000002E-2,-18,8.2194284284176189E-2]
[null,null,null,-16,4.7289245221112997E-2]
[null,null,null,-14,5.9285129430722977E-3]
[null,null,null,-12,-6.8815807999999708E-3]
[null,null,null,-10,-9.4754589476980979E-3]
[null,null,null,-8,-6.9134670905104875E-3]
[null,null,null,-6,-4.6806530796917184E-3]
[null,null,null,-4,-2.5486780041747031E-3]
[null,null,null,-2,-4.1670292865768772E-4]
[null,null,null,0,1.7152721468593278E-3]
[null,null,null,2,3.7484986883902318E-3]
[null,null,null,4,5.7691330393349017E-3]
[null,null,null,6,6.2135880440570028E-3]
[null,null,null,8,6.3430379040424877E-3]
[null,null,null,10,6.4724877640279718E-3]
[null,null,null,12,3.6692520752457953E-3]
[null,null,null,14,4.0478277220887151E-4]
[null,null,null,16,-2.7892463514469338E-2]
[null,null,null,18,-7.159676428175947E-2]
[null,null,null,20,-0.10013641362042448]
[null,null,null,22,-0.12226470544715447]
[null,null,null,24,-0.13897419054200541]
[null,null,null,26,-0.15309523748943873]
[null,null,null,28,-0.16609077158720578]
[null,null,null,30,-0.17950940822128769]
[null,null,null,32,-0.19318114902564712]
[null,null,null,34,-0.20627629528241231]
[null,null,null,36,-0.21376471654152546]
[null,null,null,38,-0.2212531378006386]
[null,null,null,40,-0.22874155905975177]
[null,null,null,42,-0.23622998031886491]
[null,null,null,44,-0.24339277589811337]
[null,null,null,46,-0.25023652148930986]
[null,null,null,48,-0.25708026708050635]
[null,null,null,50,-0.26392401267170285]
[null,null,null,52,-0.26816359290915576]
[null,null,null,54,-0.27071464031565989]
[null,null,null,56,-0.27326568772216409]
[null,null,null,58,-0.27581673512866822]
[null,null,null,60,-0.27902745362970921]
[null,null,null,62,-0.28411374736417971]
[null,null,null,64,-0.28920004109865016]
[null,null,null,66,-0.29281546952703486]
[null,null,null,68,-0.29268592884276129]
[null,null,null,70,-0.29255638815848778]
[null,null,null,72,-0.29242684747421421]
[null,null,null,74,-0.29229733658040813]
[null,null,null,76,-0.29216787054960519]
[null,null,null,78,-0.29203840451880231]
[null,null,null,80,-0.29207999378610189]
[null,null,null,82,-0.29280028085069143]
[null,null,null,84,-0.29352056791528097]
[null,null,null,86,-0.29424085497987046]
[null,null,null,88,-0.29496114204446]
[null,null,null,90,-0.29596990972420872]
[null,null,null,92,-0.29714744930925979]
[null,null,null,94,-0.29832498889431086]
[null,null,null,96,-0.29950252847936193]
[null,null,null,98,-0.300680068064413]
[null,null,null,100,-0.30185760764946407]
[null,null,null,102,-0.30324890335346805]
[null,null,null,104,-0.30473713497188087]
[null,null,null,106,-0.3062253665902937]
[null,null,null,108,-0.30771359820870653]
[null,null,null,110,-0.30920182982711936]
[null,null,null,112,-0.31076188978788538]
[null,null,null,114,-0.31233110037174722]
[null,null,null,116,-0.313900310955609]
[null,null,null,118,-0.31546952153947078]
[null,null,null,120,-0.31583713424657534]
[null,null,null,122,-0.31357960000000001]
[null,null,null,124,-0.31132206575342469]
[null,null,null,126,-0.30906453150684932]
[null,null,null,128,-0.30908787312804981]
[null,null,null,130,-0.31026539289920918]
[null,null,null,132,-0.3114429126703685]
[null,null,null,134,-0.30935598625530047]
[null,null,null,136,-0.30581950431349614]
[null,null,null,138,-0.30228302237169175]
[null,null,null,140,-0.29713111764705885]
[null,null,null,142,-0.28767733613445379]
[null,null,null,144,-0.27822355462184878]
[null,null,null,146,-0.26381526062948646]
[null,null,null,148,-0.24796030020246637]
[null,null,null,150,-0.2318559667896678]
[null,null,null,152,-0.21166408487084867]
[null,null,null,154,-0.19654231422271226]
[null,null,null,156,-0.18356767254685785]
[null,null,null,158,-0.17897929517543859]
[null,null,null,160,-0.17544333026315787]
[null,null,null,162,-0.17570206083788709]
[null,null,null,164,-0.17933332446576539]
[null,null,null,166,-0.18628032477144102]
[null,null,null,168,-0.19629512668698304]
[null,null,null,170,-0.18829943902439036]
[null,null,null,172,-0.16602766202090594]
[null,null,null,174,-0.13807898214285713]
[null,null,null,176,-0.101720779117912]
[null,null,null,178,-5.2654532493249098E-2]
[null,null,null,180,-2.1338479679144238E-2]

{"sheet":"BlendAirfoils","index":3,"n_rows":35,"n_cols":12,"rows_kept":35,"cut":false,"hidden":false,"merged":[]}
["Airfoil property blending"]
["This worksheet calculates a new airfoil table that is a weighted average of two input tables"]
["The Blended Airfoil table will be created at the same angles of attack that you input for Airfoil A"]
[]
["Airfoil A",null,null,null,"Airfoil B",null,null,null,"Blended airfoil"]
["Weighting",0.5,null,null,"Weighting",{"$f":"1-B6","v":0.5}]
["Alpha (deg)","CL","CD","CM","Alpha (deg)","CL","CD","CM","Alpha (deg)","CL","CD","CM"]
[-3.04,-7.0999999999999994E-2,1.2200000000000001E-2,0,-3.04,-8.5199999999999984E-2,1.464E-2,0,-3.04,-7.8099999999999989E-2,1.3420000000000001E-2,0]
[-2.0299999999999998,4.3999999999999997E-2,1.06E-2,0,-2.0299999999999998,5.2799999999999993E-2,1.272E-2,0,-2.0299999999999998,4.8399999999999999E-2,1.166E-2,0]
[-1.01,0.14399999999999999,1.14E-2,0,-1.01,0.17279999999999998,1.3679999999999999E-2,0,-1.01,0.15839999999999999,1.2539999999999999E-2,0]
[0.01,0.24099999999999999,1.34E-2,0,0.01,0.28919999999999996,1.6080000000000001E-2,0,0.01,0.2651,1.474E-2,0]
[1.03,0.33800000000000002,1.3599999999999999E-2,0,1.03,0.40560000000000002,1.6319999999999998E-2,0,1.03,0.37180000000000002,1.4959999999999998E-2,0]
[2.0499999999999998,0.435,1.4E-2,0,2.0499999999999998,0.52200000000000002,1.6799999999999999E-2,0,2.0499999999999998,0.47850000000000004,1.54E-2,0]
[3.07,0.53500000000000003,1.47E-2,0,3.07,0.64200000000000002,1.7639999999999999E-2,0,3.07,0.58850000000000002,1.617E-2,0]
[4.09,0.63200000000000001,1.5599999999999999E-2,0,4.09,0.75839999999999996,1.8719999999999997E-2,0,4.09,0.69520000000000004,1.7159999999999998E-2,0]
[5.1100000000000003,0.72799999999999998,1.6199999999999999E-2,0,5.1100000000000003,0.87359999999999993,1.9439999999999999E-2,0,5.1100000000000003,0.80079999999999996,1.7819999999999999E-2,0]
[6.13,0.81299999999999994,1.7299999999999999E-2,0,6.13,0.97559999999999991,2.0759999999999997E-2,0,6.13,0.89429999999999987,1.9029999999999998E-2,0]
[7.14,0.88300000000000001,1.9099999999999999E-2,0,7.14,1.0595999999999999,2.2919999999999999E-2,0,7.14,0.97129999999999994,2.1010000000000001E-2,0]
[8.16,0.94599999999999995,2.1499999999999998E-2,0,8.16,1.1352,2.5799999999999997E-2,0,8.16,1.0406,2.3649999999999997E-2,0]
[9.17,1.0009999999999999,2.4799999999999999E-2,0,9.17,1.2011999999999998,2.9759999999999998E-2,0,9.17,1.1010999999999997,2.7279999999999999E-2,0]
[10.18,1.054,3.39E-2,0,10.18,1.2647999999999999,4.0680000000000001E-2,0,10.18,1.1594,3.7290000000000004E-2,0]
[11.18,1.056,5.4399999999999997E-2,0,11.18,1.2672000000000001,6.5279999999999991E-2,0,11.18,1.1616,5.983999999999999E-2,0]
[12.19,1.095,4.5199999999999997E-2,0,12.19,1.3139999999999998,5.4239999999999997E-2,0,12.19,1.2044999999999999,4.972E-2,0]
[13.18,1.1379999999999999,4.4499999999999998E-2,0,13.18,1.3655999999999999,5.3399999999999996E-2,0,13.18,1.2517999999999998,4.8949999999999994E-2,0]
[14.18,1.1140000000000001,6.7000000000000004E-2,0,14.18,1.3368,8.0399999999999999E-2,0,14.18,1.2254,7.3700000000000002E-2,0]
[15.18,1.073,7.4800000000000005E-2,0,15.189,1.2875999999999999,8.9760000000000006E-2,0,15.18,1.180519425173439,8.2238255698711599E-2,0]
[16.170000000000002,1.008,0.1028,0,16.170000000000002,1.2096,0.12336,0,16.170000000000002,1.1088,0.11308,0]
[17.14,0.95,0.14729999999999999,0,17.14,1.1399999999999999,0.17675999999999997,0,17.14,1.0449999999999999,0.16202999999999998,0]
[18.059999999999999,0.90200000000000002,0.28189999999999998,0,18.059999999999999,1.0824,0.33827999999999997,0,18.059999999999999,0.99219999999999997,0.31008999999999998,0]
[19.059999999999999,0.79500000000000004,0.28189999999999998,0,19.059999999999999,0.95399999999999996,0.33827999999999997,0,19.059999999999999,0.87450000000000006,0.31008999999999998,0]
[20.07,0.79700000000000004,0.28189999999999998,0,20.07,0.95640000000000003,0.33827999999999997,0,20.07,0.87670000000000003,0.31008999999999998,0]
[25,0.8,0.3,0,21.08,1,0.35,0,25,1.2,0.4,0]
[null,null,null,null,22.09,1.2,0.4,0]
[null,null,null,null,23.1,1.4,0.45,0]
[null,null,null,null,25,1.6,0.5,0]

{"sheet":"3DStall","index":4,"n_rows":48,"n_cols":14,"rows_kept":48,"cut":false,"hidden":false,"merged":[]}
["Apply Selig Du correction per ASME paper, Reno, 1998, page 9.  Also include Eggars CD adjustment from ASME, 2003"]
["Enter values in red",null,null,null,null,null,null,null,null,"CL slope",{"$f":"SLOPE(I16:I52,H16:H52)","v":0.1113710266154178},"1/deg",{"$f":"K2*180/PI()","v":6.3810897851026009},"1/rad"]
["Rotor RPM",200,"RPM",null,"r/R",0.25,null,null,null,"intercept (y)",{"$f":"INTERCEPT(I16:I55,H16:H55)","v":9.6647113851773145E-2},"--"]
["Rotor R",2.4,"m",null,"chord",0.18,"m",null,null,"alpha0",{"$f":"-K3/K2","v":-0.86779404652083603},"deg",{"$f":"K4*PI()/180","v":-1.5145863340993432E-2},"rad"]
["Wind, V",10,"m/s"]
["Constants:",null,null,null,"For CL Slope Calc:",null,null,null,null,null,"c/r",0.3]
["a",1,null,null,"Min. Alpha",-5,null,null,null,null,"lambda",0.98077940391934171]
["b",1,null,null,"Max Alpha",5,null,null,null,null,"d/lam*R/r",4.0783890689541398]
["d",1,null,null,null,null,null,null,null,null,"factor fL",0.42830291734505765]
[null,null,null,null,"Alpha End",30,"End of full correction at this angle of attack"]
[]
[]
[null,null,null,null,null,null,null,"Used for CL slope calc. only"]
["2-D airfoil data:",null,null,"3-D results:",null,null,null,"Do not change"]
["Alpha","CL","CD","Alpha","CL-3D","CD-3D",null,"Alpha","CL"]
[-9,-0.80227586206896551,2.7351995685005397E-2,-9,-0.84656934947748963,3.9921511270182335E-2,null,-4,-0.31312264150943397]
[-8,-0.72085714285714275,2.503487348734873E-2,-8,-0.75232196962349118,3.3373373690261304E-2,null,-3,-0.22029411764705883]
[-7,-0.6113333333333334,2.399733796296296E-2,-7,-0.64200699163037622,3.1555796058905843E-2,null,-2,-0.1334950495049505]
[-6,-0.50618867924528299,2.2935575942915395E-2,-6,-0.53419556402437729,2.9320575178709337E-2,null,-1,-5.969230769230769E-2]
[-5,-0.4077216494845361,2.2229411764705883E-2,-5,-0.4302017147653634,2.6943259453927636E-2,null,0,3.5666666666666666E-2]
[-4,-0.31312264150943397,2.2471952535059334E-2,-4,-0.3284192022768484,2.5401764242389133E-2,null,1,0.2273333333333333]
[-3,-0.22029411764705883,2.3276931216931217E-2,-3,-0.22764887039046633,2.455297274492859E-2,null,2,0.34155999999999997]
[-2,-0.1334950495049505,2.5096371882086171E-2,-2,-0.13032556074935794,2.4603285972447514E-2,null,3,0.43571962616822429]
[-1,-5.969230769230769E-2,2.7205501618122983E-2,-1,-4.0432212956036613E-2,2.4552547146518805E-2,null,4,0.55614851485148509]
[0,3.5666666666666666E-2,2.8305300713557593E-2,0,6.1784770097053979E-2,2.5171128301911115E-2]
[1,0.2273333333333333,2.4095310907237513E-2,1,0.21906057987968208,2.494186667070903E-2]
[2,0.34155999999999997,1.9148844884488446E-2,2,0.33206416758151147,1.9953371636497939E-2]
[3,0.43571962616822429,1.6595726495726493E-2,3,0.43359548677286275,1.6738404502075522E-2]
[4,0.55614851485148509,1.5450275027502751E-2,4,0.55014486670755725,1.5748395238526704E-2]
[5,0.69199999999999995,1.6856190476190476E-2,5,0.67551130004840199,1.7386690618522604E-2]
[6,0.71485714285714286,1.861530612244898E-2,6,0.73627919754475524,1.8300182732051935E-2]
[7,0.76058000000000003,2.1043454345434542E-2,7,0.81011935719107298,2.1179396707830839E-2]
[8,0.82966037735849063,2.4093839383938394E-2,8,0.89731294300272202,2.5460432102269344E-2]
[9,0.89265979381443306,2.7006172839506175E-2,9,0.9810300612066456,3.0334948934042021E-2]
[10,0.95438095238095233,3.0655319148936169E-2,10,1.0640164031043053,3.6702793127488205E-2]
[11,1.0126796116504853,3.6882180293501036E-2,11,1.1450461121384892,4.6503224532859821E-2]
[12,1.0424411764705883,4.6418736383442259E-2,12,1.2097612475284856,6.1520119100528181E-2]
[13,1.06114,5.7618554476806902E-2,13,1.2681518459964274,7.9950884429615551E-2]
[14,1.0825567010309278,7.3852807646356031E-2,14,1.3280962471029993,0.10468545371099805]
[15,1.0777692307692308,8.7747268262737876E-2,15,1.3730597999281873,0.13007429053018293]
[16,0.88199999999999967,0.1007,16,1.3088396374309132,0.16950596484860497]
[17,0.81092473118279573,0.1142,17,1.3159066492062996,0.20467144806256055]
[18,0.79310476190476198,0.12790000000000001,18,1.3534195603641446,0.23841068645431182]
[19,0.79283157894736844,0.14180000000000001,19,1.400963918071469,0.27280772685088256]
[20,0.79779166666666668,0.15529999999999999,20,1.4515001213574019,0.30811115922222343]
[30,0.77235317020037186,0.32143489527518959,30,1.9139623632114682,0.80972073190200877]
[40,0.75706559916906124,0.52514141953992877,40,1.885650502192604,1.2624639585875754]
[50,0.69994492522792673,0.74176690249137811,50,1.6451149553232955,1.6280137361114337]

{"sheet":"TableExtrap","index":5,"n_rows":214,"n_cols":11,"rows_kept":214,"cut":false,"hidden":false,"merged":[]}
["This worksheet extends the airfoil tables to large angles of attack using the Viterna method"]
["Enter values in red.  All others are calculated"]
[]
["Maximum Drag Coeff:"]
["Aspect ratio",10,{"$f":"1.11+0.018*B5","v":1.29},"CDmax estimated from Aspect ratio"]
["Max CD",1.8,"<--This value is the one we'll use.  The Aspect Ratio value "]
[null,null,"is provided for reference only"]
[]
[]
[null,null,null,null,null,null,null,null,"CM at zero lift:",-0.1633]
["Get CD from flat-plate theory for abs(angles) >",20,"deg"]
[]
[null,"Input table:",null,null,null,null,null,"Output table:"]
[null,"Alpha (deg)","CL","CD","CM (not req'd.)",null,null,"Alpha (deg)","CL","CD","CM"]
["200 rows max.",-10,-0.64,1.44E-2,-0.14460000000000001,null,null,-180,0,0.28233787457504655,0]
[2,-8,-0.48,1.24E-2,-0.1545,null,null,-170,0.20124999999999998,0.33232516914317667,0.4]
[3,-6,0.06,9.1999999999999998E-3,-0.16439999999999999,null,null,-160,0.40249999999999997,0.47587081849946833,0.46631110677265325]
[4,-5,0.17,8.2000000000000007E-3,-0.1673,null,null,-150,0.6037499999999999,0.6945117718324948,0.55093687558948801]
[5,-4,0.28000000000000003,6.7000000000000002E-3,-0.17019999999999999,null,null,-140,0.80499999999999994,0.96,0.63769199037787805]
[6,-3,0.39,6.7999999999999996E-3,-0.17349999999999999,null,null,-130,0.72947352559748857,1.2377666474223095,0.65178230622639954]
[7,-2,0.5,6.8999999999999999E-3,-0.1769,null,null,-120,0.6039583419018717,1.4911689372875232,0.66547628743991649]
[8,-1,0.6,7.0000000000000001E-3,-0.17849999999999999,null,null,-110,0.4301237390975835,1.686005239135502,0.66728998309898779]
[9,0,0.71,7.1999999999999998E-3,-0.18010000000000001,null,null,-100,0.22166299892182767,1.7947508161136285,0.65073696847516127]
[10,1,0.82,7.4000000000000003E-3,-0.18129999999999999,null,null,-90,-7.7150200290809759E-17,1.8,0.61329999999999996]
[11,2,0.93,7.6E-3,-0.1825,null,null,-80,-0.22166299892182767,1.7947508161136285,0.57885097865116419]
[12,3,1.04,7.7999999999999996E-3,-0.18310000000000001,null,null,-70,-0.4301237390975835,1.686005239135502,0.52502884925898219]
[13,4,1.1399999999999999,8.2000000000000007E-3,-0.1837,null,null,-60,-0.6039583419018717,1.4911689372875232,0.45780838854817119]
[14,5,1.25,8.6999999999999994E-3,-0.18160000000000001,null,null,-50,-0.72947352559748857,1.2377666474223095,0.38335809676574534]
[15,6,1.35,1.04E-2,-0.17949999999999999,null,null,-40,-0.80499999999999994,0.96,0.30577895062704946]
[16,7,1.44,1.46E-2,-0.1757,null,null,-30,-0.68599999999999994,0.64479999999999993,0.21324996161343845]
[17,8,1.53,1.84E-2,-0.1719,null,null,-20,-0.56699999999999995,0.3296,0.12449598104315783]
[18,9,1.63,0.02,-0.1681,null,null,-10,-0.64,1.44E-2,-0.14460000000000001]
[19,10,1.65,2.1899999999999999E-2,-0.1643,null,null,-8,-0.48,1.24E-2,-0.1545]
[20,11,1.67,2.3900000000000001E-2,-0.15870000000000001,null,null,-6,0.06,9.1999999999999998E-3,-0.16439999999999999]
[21,12,1.68,2.6200000000000001E-2,-0.153,null,null,-5,0.17,8.2000000000000007E-3,-0.1673]
[22,13,1.67,2.8799999999999999E-2,-0.14760000000000001,null,null,-4,0.28000000000000003,6.7000000000000002E-3,-0.17019999999999999]
[23,14,1.65,3.1600000000000003E-2,-0.14219999999999999,null,null,-3,0.39,6.7999999999999996E-3,-0.17349999999999999]
[24,15,1.63,5.1999999999999998E-2,-0.13639999999999999,null,null,-2,0.5,6.8999999999999999E-3,-0.1769]
[25,30,1.08,0.62,-0.2712,null,null,-1,0.6,7.0000000000000001E-3,-0.17849999999999999]
[26,40,1.1499999999999999,0.96,-0.33629999999999999,null,null,0,0.71,7.1999999999999998E-3,-0.18010000000000001]
[27,null,null,null,null,null,null,1,0.82,7.4000000000000003E-3,-0.18129999999999999]
[28,null,null,null,null,null,null,2,0.93,7.6E-3,-0.1825]
[29,null,null,null,null,null,null,3,1.04,7.7999999999999996E-3,-0.18310000000000001]
[30,null,null,null,null,null,null,4,1.1399999999999999,8.2000000000000007E-3,-0.1837]
[31,null,null,null,null,null,null,5,1.25,8.6999999999999994E-3,-0.18160000000000001]
[32,null,null,null,null,null,null,6,1.35,1.04E-2,-0.17949999999999999]
[33,null,null,null,null,null,null,7,1.44,1.46E-2,-0.1757]
[34,null,null,null,null,null,null,8,1.53,1.84E-2,-0.1719]
[35,null,null,null,null,null,null,9,1.63,0.02,-0.1681]
[36,null,null,null,null,null,null,10,1.65,2.1899999999999999E-2,-0.1643]
[37,null,null,null,null,null,null,11,1.67,2.3900000000000001E-2,-0.15870000000000001]
[38,null,null,null,null,null,null,12,1.68,2.6200000000000001E-2,-0.153]
[39,null,null,null,null,null,null,13,1.67,2.8799999999999999E-2,-0.14760000000000001]
[40,null,null,null,null,null,null,14,1.65,3.1600000000000003E-2,-0.14219999999999999]
[41,null,null,null,null,null,null,15,1.63,5.1999999999999998E-2,-0.13639999999999999]
[42,null,null,null,null,null,null,30,1.08,0.62,-0.2712]
[43,null,null,null,null,null,null,40,1.1499999999999999,0.96,-0.33629999999999999]
[44,null,null,null,null,null,null,50,1.0421050365678408,1.2377666474223095,-0.41456444734935599]
[45,null,null,null,null,null,null,60,0.86279763128838816,1.4911689372875232,-0.48172950323373737]
[46,null,null,null,null,null,null,70,0.6144624844251193,1.686005239135502,-0.5382006331899245]
[47,null,null,null,null,null,null,80,0.31666142703118239,1.7947508161136285,-0.58264674096499192]
[48,null,null,null,null,null,null,90,1.1021457184401396E-16,1.8,-0.61329999999999996]
[49,null,null,null,null,null,null,100,-0.22166299892182767,1.7947508161136285,-0.65073696847516127]
[50,null,null,null,null,null,null,110,-0.4301237390975835,1.686005239135502,-0.66728998309898779]
[51,null,null,null,null,null,null,120,-0.6039583419018717,1.4911689372875232,-0.66547628743991649]
[52,null,null,null,null,null,null,130,-0.72947352559748857,1.2377666474223095,-0.65178230622639954]
[53,null,null,null,null,null,null,140,-0.80499999999999994,0.96,-0.63769199037787805]
[54,null,null,null,null,null,null,150,-0.6037499999999999,0.6945117718324948,-0.55093687558948801]
[55,null,null,null,null,null,null,160,-0.40249999999999997,0.47587081849946833,-0.46631110677265325]
[56,null,null,null,null,null,null,170,-0.20124999999999998,0.33232516914317667,-0.5]
[57,null,null,null,null,null,null,180,0,0.28233787457504655,0]
[58]
[59]
[60]
[61]
[62]
[63]
[64]
[65]
[66]
[67]
[68]
[69]
[70]
[71]
[72]
[73]
[74]
[75]
[76]
[77]
[78]
[79]
[80]
[81]
[82]
[83]
[84]
[85]
[86]
[87]
[88]
[89]
[90]
[91]
[92]
[93]
[94]
[95]
[96]
[97]
[98]
[99]
[100]
[101]
[102]
[103]
[104]
[105]
[106]
[107]
[108]
[109]
[110]
[111]
[112]
[113]
[114]
[115]
[116]
[117]
[118]
[119]
[120]
[121]
[122]
[123]
[124]
[125]
[126]
[127]
[128]
[129]
[130]
[131]
[132]
[133]
[134]
[135]
[136]
[137]
[138]
[139]
[140]
[141]
[142]
[143]
[144]
[145]
[146]
[147]
[148]
[149]
[150]
[151]
[152]
[153]
[154]
[155]
[156]
[157]
[158]
[159]
[160]
[161]
[162]
[163]
[164]
[165]
[166]
[167]
[168]
[169]
[170]
[171]
[172]
[173]
[174]
[175]
[176]
[177]
[178]
[179]
[180]
[181]
[182]
[183]
[184]
[185]
[186]
[187]
[188]
[189]
[190]
[191]
[192]
[193]
[194]
[195]
[196]
[197]
[198]
[199]
[200]

{"sheet":"DynStall","index":6,"n_rows":212,"n_cols":21,"rows_kept":212,"cut":false,"hidden":false,"merged":[]}
["This worksheet calculates dynamic stall parameters"]
["Enter values in red.  All others are calculated"]
[]
["AoA range for CN slope calc:"]
["Min. Alpha",-4]
["Max. Alpha",5]
[]
[]
[null,null,null,null,null,null,null,null,null,11,"Stall angle (deg)",null,null,null,null,null,null,null,null,"CNStall plot"]
[null,"Input airfoil table:",null,null,null,null,null,null,null,{"$f":"-INTERCEPT(U19:U58,T19:T58)/J11*180/PI()","v":-0.36887493755927425},"Zero Cn angle of attack (deg)",null,null,null,null,null,null,null,null,{"$f":"J10","v":-0.36887493755927425},0]
[null,null,null,null,null,null,null,null,null,{"$f":"SLOPE(U19:U58,T19:T58)*180/PI()","v":6.9837640439588196},"Cn slope for zero lift (dimensionless)",null,null,null,null,null,null,null,null,{"$f":"J9","v":11},{"$f":"J12","v":1.3857484911443123}]
[null,"Alpha (deg)","CL","CD","CM (not req'd.)",null,"CN","CT",null,{"$f":"J11*PI()/180*(J9-J10)","v":1.3857484911443123},"Cn extrapolated to value at positive stall angle of attack"]
["200 rows max.",-10.1,-0.63,3.9E-2,-4.4000000000000003E-3,null,-0.62707630570148254,7.2085413418948849E-2,null,-0.8,"Cn at stall value for negative angle of attack"]
[2,-8.1999999999999993,-0.56000000000000005,2.3300000000000001E-2,-5.1000000000000004E-3,null,-0.55759794346370029,5.6810416694935036E-2,null,2,"Angle of attack for minimum CD (deg)"]
[3,-6.1,-0.64,1.3100000000000001E-2,1.8E-3,null,-0.63776834357975565,5.4983178587044268E-2,null,1.1599999999999999E-2,"Minimum CD value                                                                "]
[4,-4.0999999999999996,-0.42,1.34E-2,-2.1600000000000001E-2,null,-0.41988319458505446,1.6663220128453435E-2]
[5,-2.1,-0.21,1.1900000000000001E-2,-2.8199999999999999E-2,null,-0.21029502282712581,-4.1968290575891921E-3,null,null,null,null,null,null,null,null,null,null,null,"CN slope work space.  Do not change"]
[6,0.1,0.05,1.2200000000000001E-2,-3.4599999999999999E-2,null,5.0021216851728348E-2,-1.2112715000047194E-2,null,null,null,null,null,null,null,null,null,null,null,"Alpha","CN"]
[7,2,0.3,1.1599999999999999E-2,-4.0500000000000001E-2,null,0.30022208226747771,-1.1230845826712198E-3,null,null,null,null,null,null,null,null,null,null,null,-2.1,-0.21029502282712581]
[8,4.0999999999999996,0.54,1.44E-2,-4.5499999999999999E-2,null,0.53964758598110041,2.4245472665444804E-2,null,null,null,null,null,null,null,null,null,null,null,0.1,5.0021216851728348E-2]
[9,6.2,0.79,1.46E-2,-5.0700000000000002E-2,null,0.78695605213143716,7.0804886933762246E-2,null,null,null,null,null,null,null,null,null,null,null,2,0.30022208226747771]
[10,8.1,0.9,1.6199999999999999E-2,-4.0399999999999998E-2,null,0.89330389190229065,0.11077272548881617,null,null,null,null,null,null,null,null,null,null,null,4.0999999999999996,0.53964758598110041]
[11,10.199999999999999,0.93,2.7400000000000001E-2,-3.2099999999999997E-2,null,0.92015403729615153,0.13772184883885524]
[12,11.3,0.92,3.0300000000000001E-2,-2.81E-2,null,0.90810265403343227,0.15055782854915392]
[13,12.1,0.95,3.6900000000000002E-2,-2.8400000000000002E-2,null,0.93662899989182691,0.16305743332223813]
[14,13.2,0.99,5.0900000000000001E-2,-3.2199999999999999E-2,null,0.97546617313306105,0.1765121952533053]
[15,14.2,1.01,6.4799999999999996E-2,-3.61E-2,null,0.99503572199903667,0.18494040106438558]
[16,15.3,1.02,7.7600000000000002E-2,-3.6299999999999999E-2,null,1.004325115504267,0.19430085529235525]
[17,16.3,1,9.1700000000000004E-2,-3.9300000000000002E-2,null,0.98554242918322321,0.19265256364666317]
[18,17.100000000000001,0.94,9.9400000000000002E-2,-3.9800000000000002E-2,null,0.92767304223852132,0.18139208004741172]
[19,18.100000000000001,0.85,0.2306,-9.8299999999999998E-2,null,0.87958035655646283,4.488603747275513E-2]
[20,19.100000000000001,0.7,0.31419999999999998,-0.1242,null,0.76427610236950605,-6.7850418914523453E-2]
[21,20.100000000000001,0.66,0.31859999999999999,-0.11550000000000001,null,0.72929218507748528,-7.2380030290867689E-2]
[22]
[23]
[24]
[25]
[26]
[27]
[28]
[29]
[30]
[31]
[32]
[33]
[34]
[35]
[36]
[37]
[38]
[39]
[40]
[41]
[42]
[43]
[44]
[45]
[46]
[47]
[48]
[49]
[50]
[51]
[52]
[53]
[54]
[55]
[56]
[57]
[58]
[59]
[60]
[61]
[62]
[63]
[64]
[65]
[66]
[67]
[68]
[69]
[70]
[71]
[72]
[73]
[74]
[75]
[76]
[77]
[78]
[79]
[80]
[81]
[82]
[83]
[84]
[85]
[86]
[87]
[88]
[89]
[90]
[91]
[92]
[93]
[94]
[95]
[96]
[97]
[98]
[99]
[100]
[101]
[102]
[103]
[104]
[105]
[106]
[107]
[108]
[109]
[110]
[111]
[112]
[113]
[114]
[115]
[116]
[117]
[118]
[119]
[120]
[121]
[122]
[123]
[124]
[125]
[126]
[127]
[128]
[129]
[130]
[131]
[132]
[133]
[134]
[135]
[136]
[137]
[138]
[139]
[140]
[141]
[142]
[143]
[144]
[145]
[146]
[147]
[148]
[149]
[150]
[151]
[152]
[153]
[154]
[155]
[156]
[157]
[158]
[159]
[160]
[161]
[162]
[163]
[164]
[165]
[166]
[167]
[168]
[169]
[170]
[171]
[172]
[173]
[174]
[175]
[176]
[177]
[178]
[179]
[180]
[181]
[182]
[183]
[184]
[185]
[186]
[187]
[188]
[189]
[190]
[191]
[192]
[193]
[194]
[195]
[196]
[197]
[198]
[199]
[200]

{"sheet":"Editor Format","index":7,"n_rows":210,"n_cols":11,"rows_kept":210,"cut":false,"hidden":false,"merged":[]}
[null,null,null,null,null,null,1,"Flag =1 if CM values are used (value normally set by TableExtrap worksheet)"]
[]
[{"$f":"REPT(\" \",7-LEN(TEXT(DynStall!J9,H$10)))&TEXT(DynStall!J9,H$10)&\"     Stall angle (deg)\"","v":"  11.00     Stall angle (deg)"}]
[{"$f":"REPT(\" \",9-LEN(TEXT(DynStall!J10,J$10)))&TEXT(DynStall!J10,J$10)&\"   Zero Cn angle of attack (deg)\"","v":"  -0.3689   Zero Cn angle of attack (deg)"}]
[{"$f":"REPT(\" \",9-LEN(TEXT(DynStall!J11,J$10)))&TEXT(DynStall!J11,J$10)&\"   Cn slope for zero lift (dimensionless)\"","v":"   6.9838   Cn slope for zero lift (dimensionless)"}]
[{"$f":"REPT(\" \",9-LEN(TEXT(DynStall!J12,J$10)))&TEXT(DynStall!J12,J$10)&\"   Cn extrapolated to value at positive stall angle of attack\"","v":"   1.3857   Cn extrapolated to value at positive stall angle of attack"}]
[{"$f":"REPT(\" \",9-LEN(TEXT(DynStall!J13,J$10)))&TEXT(DynStall!J13,J$10)&\"   Cn at stall value for negative angle of attack\"","v":"  -0.8000   Cn at stall value for negative angle of attack"}]
[{"$f":"REPT(\" \",7-LEN(TEXT(DynStall!J14,H$10)))&TEXT(DynStall!J14,H$10)&\"     Angle of attack for minimum CD (deg)\"","v":"   2.00     Angle of attack for minimum CD (deg)"}]
[{"$f":"REPT(\" \",9-LEN(TEXT(DynStall!J15,J$10)))&TEXT(DynStall!J15,J$10)&\"   Minimum CD value\"","v":"   0.0116   Minimum CD value"},null,null,null,null,null,null,"Alpha Fmt","Cl Fmt","Cd Fmt","Cm Fmt"]
[{"$f":"IF(TableExtrap!J15=0,\" \",REPT(\" \",$H$11-LEN(TEXT(TableExtrap!H15,H$10)))&TEXT(TableExtrap!H15,H$10)&REPT(\" \",$I$11-LEN(TEXT(TableExtrap!I15,I$10)))&TEXT(TableExtrap!I15,I$10)&REPT(\" \",$J$11-LEN(TEXT(TableExtrap!J15,J$10)))&TEXT(TableExtrap!J15,J$10)&IF($G$1=1,REPT(\" \",$K$11-LEN(TEXT(TableExtrap!K15,K$10)))&TEXT(TableExtrap!K15,K$10),\"\"))","v":"-180.00    0.000   0.2823   0.0000"},null,null,null,null,null,"Format","#0.00","#0.000","#0.0000","#0.0000"]
[{"$f":"IF(TableExtrap!J16=0,\" \",REPT(\" \",$H$11-LEN(TEXT(TableExtrap!H16,H$10)))&TEXT(TableExtrap!H16,H$10)&REPT(\" \",$I$11-LEN(TEXT(TableExtrap!I16,I$10)))&TEXT(TableExtrap!I16,I$10)&REPT(\" \",$J$11-LEN(TEXT(TableExtrap!J16,J$10)))&TEXT(TableExtrap!J16,J$10)&IF($G$1=1,REPT(\" \",$K$11-LEN(TEXT(TableExtrap!K16,K$10)))&TEXT(TableExtrap!K16,K$10),\"\"))","v":"-170.00    0.201   0.3323   0.4000"},null,null,null,null,null,"Width",7,9,9,9]
[{"$f":"IF(TableExtrap!J17=0,\" \",REPT(\" \",$H$11-LEN(TEXT(TableExtrap!H17,H$10)))&TEXT(TableExtrap!H17,H$10)&REPT(\" \",$I$11-LEN(TEXT(TableExtrap!I17,I$10)))&TEXT(TableExtrap!I17,I$10)&REPT(\" \",$J$11-LEN(TEXT(TableExtrap!J17,J$10)))&TEXT(TableExtrap!J17,J$10)&IF($G$1=1,REPT(\" \",$K$11-LEN(TEXT(TableExtrap!K17,K$10)))&TEXT(TableExtrap!K17,K$10),\"\"))","v":"-160.00    0.403   0.4759   0.4663"}]
[{"$f":"IF(TableExtrap!J18=0,\" \",REPT(\" \",$H$11-LEN(TEXT(TableExtrap!H18,H$10)))&TEXT(TableExtrap!H18,H$10)&REPT(\" \",$I$11-LEN(TEXT(TableExtrap!I18,I$10)))&TEXT(TableExtrap!I18,I$10)&REPT(\" \",$J$11-LEN(TEXT(TableExtrap!J18,J$10)))&TEXT(TableExtrap!J18,J$10)&IF($G$1=1,REPT(\" \",$K$11-LEN(TEXT(TableExtrap!K18,K$10)))&TEXT(TableExtrap!K18,K$10),\"\"))","v":"-150.00    0.604   0.6945   0.5509"}]
[{"$f":"IF(TableExtrap!J19=0,\" \",REPT(\" \",$H$11-LEN(TEXT(TableExtrap!H19,H$10)))&TEXT(TableExtrap!H19,H$10)&REPT(\" \",$I$11-LEN(TEXT(TableExtrap!I19,I$10)))&TEXT(TableExtrap!I19,I$10)&REPT(\" \",$J$11-LEN(TEXT(TableExtrap!J19,J$10)))&TEXT(TableExtrap!J19,J$10)&IF($G$1=1,REPT(\" \",$K$11-LEN(TEXT(TableExtrap!K19,K$10)))&TEXT(TableExtrap!K19,K$10),\"\"))","v":"-140.00    0.805   0.9600   0.6377"}]
[{"$f":"IF(TableExtrap!J20=0,\" \",REPT(\" \",$H$11-LEN(TEXT(TableExtrap!H20,H$10)))&TEXT(TableExtrap!H20,H$10)&REPT(\" \",$I$11-LEN(TEXT(TableExtrap!I20,I$10)))&TEXT(TableExtrap!I20,I$10)&REPT(\" \",$J$11-LEN(TEXT(TableExtrap!J20,J$10)))&TEXT(TableExtrap!J20,J$10)&IF($G$1=1,REPT(\" \",$K$11-LEN(TEXT(TableExtrap!K20,K$10)))&TEXT(TableExtrap!K20,K$10),\"\"))","v":"-130.00    0.729   1.2378   0.6518"}]
[{"$f":"IF(TableExtrap!J21=0,\" \",REPT(\" \",$H$11-LEN(TEXT(TableExtrap!H21,H$10)))&TEXT(TableExtrap!H21,H$10)&REPT(\" \",$I$11-LEN(TEXT(TableExtrap!I21,I$10)))&TEXT(TableExtrap!I21,I$10)&REPT(\" \",$J$11-LEN(TEXT(TableExtrap!J21,J$10)))&TEXT(TableExtrap!J21,J$10)&IF($G$1=1,REPT(\" \",$K$11-LEN(TEXT(TableExtrap!K21,K$10)))&TEXT(TableExtrap!K21,K$10),\"\"))","v":"-120.00    0.604   1.4912   0.6655"}]
[{"$f":"IF(TableExtrap!J22=0,\" \",REPT(\" \",$H$11-LEN(TEXT(TableExtrap!H22,H$10)))&TEXT(TableExtrap!H22,H$10)&REPT(\" \",$I$11-LEN(TEXT(TableExtrap!I22,I$10)))&TEXT(TableExtrap!I22,I$10)&REPT(\" \",$J$11-LEN(TEXT(TableExtrap!J22,J$10)))&TEXT(TableExtrap!J22,J$10)&IF($G$1=1,REPT(\" \",$K$11-LEN(TEXT(TableExtrap!K22,K$10)))&TEXT(TableExtrap!K22,K$10),\"\"))","v":"-110.00    0.430   1.6860   0.6673"}]
[{"$f":"IF(TableExtrap!J23=0,\" \",REPT(\" \",$H$11-LEN(TEXT(TableExtrap!H23,H$10)))&TEXT(TableExtrap!H23,H$10)&REPT(\" \",$I$11-LEN(TEXT(TableExtrap!I23,I$10)))&TEXT(TableExtrap!I23,I$10)&REPT(\" \",$J$11-LEN(TEXT(TableExtrap!J23,J$10)))&TEXT(TableExtrap!J23,J$10)&IF($G$1=1,REPT(\" \",$K$11-LEN(TEXT(TableExtrap!K23,K$10)))&TEXT(TableExtrap!K23,K$10),\"\"))","v":"-100.00    0.222   1.7948   0.6507"}]
[{"$f":"IF(TableExtrap!J24=0,\" \",REPT(\" \",$H$11-LEN(TEXT(TableExtrap!H24,H$10)))&TEXT(TableExtrap!H24,H$10)&REPT(\" \",$I$11-LEN(TEXT(TableExtrap!I24,I$10)))&TEXT(TableExtrap!I24,I$10)&REPT(\" \",$J$11-LEN(TEXT(TableExtrap!J24,J$10)))&TEXT(TableExtrap!J24,J$10)&IF($G$1=1,REPT(\" \",$K$11-LEN(TEXT(TableExtrap!K24,K$10)))&TEXT(TableExtrap!K24,K$10),\"\"))","v":" -90.00    0.000   1.8000   0.6133"}]
[{"$f":"IF(TableExtrap!J25=0,\" \",REPT(\" \",$H$11-LEN(TEXT(TableExtrap!H25,H$10)))&TEXT(TableExtrap!H25,H$10)&REPT(\" \",$I$11-LEN(TEXT(TableExtrap!I25,I$10)))&TEXT(TableExtrap!I25,I$10)&REPT(\" \",$J$11-LEN(TEXT(TableExtrap!J25,J$10)))&TEXT(TableExtrap!J25,J$10)&IF($G$1=1,REPT(\" \",$K$11-LEN(TEXT(TableExtrap!K25,K$10)))&TEXT(TableExtrap!K25,K$10),\"\"))","v":" -80.00   -0.222   1.7948   0.5789"}]
[{"$f":"IF(TableExtrap!J26=0,\" \",REPT(\" \",$H$11-LEN(TEXT(TableExtrap!H26,H$10)))&TEXT(TableExtrap!H26,H$10)&REPT(\" \",$I$11-LEN(TEXT(TableExtrap!I26,I$10)))&TEXT(TableExtrap!I26,I$10)&REPT(\" \",$J$11-LEN(TEXT(TableExtrap!J26,J$10)))&TEXT(TableExtrap!J26,J$10)&IF($G$1=1,REPT(\" \",$K$11-LEN(TEXT(TableExtrap!K26,K$10)))&TEXT(TableExtrap!K26,K$10),\"\"))","v":" -70.00   -0.430   1.6860   0.5250"}]
[{"$f":"IF(TableExtrap!J27=0,\" \",REPT(\" \",$H$11-LEN(TEXT(TableExtrap!H27,H$10)))&TEXT(TableExtrap!H27,H$10)&REPT(\" \",$I$11-LEN(TEXT(TableExtrap!I27,I$10)))&TEXT(TableExtrap!I27,I$10)&REPT(\" \",$J$11-LEN(TEXT(TableExtrap!J27,J$10)))&TEXT(TableExtrap!J27,J$10)&IF($G$1=1,REPT(\" \",$K$11-LEN(TEXT(TableExtrap!K27,K$10)))&TEXT(TableExtrap!K27,K$10),\"\"))","v":" -60.00   -0.604   1.4912   0.4578"}]
[{"$f":"IF(TableExtrap!J28=0,\" \",REPT(\" \",$H$11-LEN(TEXT(TableExtrap!H28,H$10)))&TEXT(TableExtrap!H28,H$10)&REPT(\" \",$I$11-LEN(TEXT(TableExtrap!I28,I$10)))&TEXT(TableExtrap!I28,I$10)&REPT(\" \",$J$11-LEN(TEXT(TableExtrap!J28,J$10)))&TEXT(TableExtrap!J28,J$10)&IF($G$1=1,REPT(\" \",$K$11-LEN(TEXT(TableExtrap!K28,K$10)))&TEXT(TableExtrap!K28,K$10),\"\"))","v":" -50.00   -0.729   1.2378   0.3834"}]
[{"$f":"IF(TableExtrap!J29=0,\" \",REPT(\" \",$H$11-LEN(TEXT(TableExtrap!H29,H$10)))&TEXT(TableExtrap!H29,H$10)&REPT(\" \",$I$11-LEN(TEXT(TableExtrap!I29,I$10)))&TEXT(TableExtrap!I29,I$10)&REPT(\" \",$J$11-LEN(TEXT(TableExtrap!J29,J$10)))&TEXT(TableExtrap!J29,J$10)&IF($G$1=1,REPT(\" \",$K$11-LEN(TEXT(TableExtrap!K29,K$10)))&TEXT(TableExtrap!K29,K$10),\"\"))","v":" -40.00   -0.805   0.9600   0.3058"}]
[{"$f":"IF(TableExtrap!J30=0,\" \",REPT(\" \",$H$11-LEN(TEXT(TableExtrap!H30,H$10)))&TEXT(TableExtrap!H30,H$10)&REPT(\" \",$I$11-LEN(TEXT(TableExtrap!I30,I$10)))&TEXT(TableExtrap!I30,I$10)&REPT(\" \",$J$11-LEN(TEXT(TableExtrap!J30,J$10)))&TEXT(TableExtrap!J30,J$10)&IF($G$1=1,REPT(\" \",$K$11-LEN(TEXT(TableExtrap!K30,K$10)))&TEXT(TableExtrap!K30,K$10),\"\"))","v":" -30.00   -0.686   0.6448   0.2132"}]
[{"$f":"IF(TableExtrap!J31=0,\" \",REPT(\" \",$H$11-LEN(TEXT(TableExtrap!H31,H$10)))&TEXT(TableExtrap!H31,H$10)&REPT(\" \",$I$11-LEN(TEXT(TableExtrap!I31,I$10)))&TEXT(TableExtrap!I31,I$10)&REPT(\" \",$J$11-LEN(TEXT(TableExtrap!J31,J$10)))&TEXT(TableExtrap!J31,J$10)&IF($G$1=1,REPT(\" \",$K$11-LEN(TEXT(TableExtrap!K31,K$10)))&TEXT(TableExtrap!K31,K$10),\"\"))","v":" -20.00   -0.567   0.3296   0.1245"}]
[{"$f":"IF(TableExtrap!J32=0,\" \",REPT(\" \",$H$11-LEN(TEXT(TableExtrap!H32,H$10)))&TEXT(TableExtrap!H32,H$10)&REPT(\" \",$I$11-LEN(TEXT(TableExtrap!I32,I$10)))&TEXT(TableExtrap!I32,I$10)&REPT(\" \",$J$11-LEN(TEXT(TableExtrap!J32,J$10)))&TEXT(TableExtrap!J32,J$10)&IF($G$1=1,REPT(\" \",$K$11-LEN(TEXT(TableExtrap!K32,K$10)))&TEXT(TableExtrap!K32,K$10),\"\"))","v":" -10.00   -0.640   0.0144  -0.1446"}]
[{"$f":"IF(TableExtrap!J33=0,\" \",REPT(\" \",$H$11-LEN(TEXT(TableExtrap!H33,H$10)))&TEXT(TableExtrap!H33,H$10)&REPT(\" \",$I$11-LEN(TEXT(TableExtrap!I33,I$10)))&TEXT(TableExtrap!I33,I$10)&REPT(\" \",$J$11-LEN(TEXT(TableExtrap!J33,J$10)))&TEXT(TableExtrap!J33,J$10)&IF($G$1=1,REPT(\" \",$K$11-LEN(TEXT(TableExtrap!K33,K$10)))&TEXT(TableExtrap!K33,K$10),\"\"))","v":"  -8.00   -0.480   0.0124  -0.1545"}]
[{"$f":"IF(TableExtrap!J34=0,\" \",REPT(\" \",$H$11-LEN(TEXT(TableExtrap!H34,H$10)))&TEXT(TableExtrap!H34,H$10)&REPT(\" \",$I$11-LEN(TEXT(TableExtrap!I34,I$10)))&TEXT(TableExtrap!I34,I$10)&REPT(\" \",$J$11-LEN(TEXT(TableExtrap!J34,J$10)))&TEXT(TableExtrap!J34,J$10)&IF($G$1=1,REPT(\" \",$K$11-LEN(TEXT(TableExtrap!K34,K$10)))&TEXT(TableExtrap!K34,K$10),\"\"))","v":"  -6.00    0.060   0.0092  -0.1644"}]
[{"$f":"IF(TableExtrap!J35=0,\" \",REPT(\" \",$H$11-LEN(TEXT(TableExtrap!H35,H$10)))&TEXT(TableExtrap!H35,H$10)&REPT(\" \",$I$11-LEN(TEXT(TableExtrap!I35,I$10)))&TEXT(TableExtrap!I35,I$10)&REPT(\" \",$J$11-LEN(TEXT(TableExtrap!J35,J$10)))&TEXT(TableExtrap!J35,J$10)&IF($G$1=1,REPT(\" \",$K$11-LEN(TEXT(TableExtrap!K35,K$10)))&TEXT(TableExtrap!K35,K$10),\"\"))","v":"  -5.00    0.170   0.0082  -0.1673"}]
[{"$f":"IF(TableExtrap!J36=0,\" \",REPT(\" \",$H$11-LEN(TEXT(TableExtrap!H36,H$10)))&TEXT(TableExtrap!H36,H$10)&REPT(\" \",$I$11-LEN(TEXT(TableExtrap!I36,I$10)))&TEXT(TableExtrap!I36,I$10)&REPT(\" \",$J$11-LEN(TEXT(TableExtrap!J36,J$10)))&TEXT(TableExtrap!J36,J$10)&IF($G$1=1,REPT(\" \",$K$11-LEN(TEXT(TableExtrap!K36,K$10)))&TEXT(TableExtrap!K36,K$10),\"\"))","v":"  -4.00    0.280   0.0067  -0.1702"}]
[{"$f":"IF(TableExtrap!J37=0,\" \",REPT(\" \",$H$11-LEN(TEXT(TableExtrap!H37,H$10)))&TEXT(TableExtrap!H37,H$10)&REPT(\" \",$I$11-LEN(TEXT(TableExtrap!I37,I$10)))&TEXT(TableExtrap!I37,I$10)&REPT(\" \",$J$11-LEN(TEXT(TableExtrap!J37,J$10)))&TEXT(TableExtrap!J37,J$10)&IF($G$1=1,REPT(\" \",$K$11-LEN(TEXT(TableExtrap!K37,K$10)))&TEXT(TableExtrap!K37,K$10),\"\"))","v":"  -3.00    0.390   0.0068  -0.1735"}]
[{"$f":"IF(TableExtrap!J38=0,\" \",REPT(\" \",$H$11-LEN(TEXT(TableExtrap!H38,H$10)))&TEXT(TableExtrap!H38,H$10)&REPT(\" \",$I$11-LEN(TEXT(TableExtrap!I38,I$10)))&TEXT(TableExtrap!I38,I$10)&REPT(\" \",$J$11-LEN(TEXT(TableExtrap!J38,J$10)))&TEXT(TableExtrap!J38,J$10)&IF($G$1=1,REPT(\" \",$K$11-LEN(TEXT(TableExtrap!K38,K$10)))&TEXT(TableExtrap!K38,K$10),\"\"))","v":"  -2.00    0.500   0.0069  -0.1769"}]
[{"$f":"IF(TableExtrap!J39=0,\" \",REPT(\" \",$H$11-LEN(TEXT(TableExtrap!H39,H$10)))&TEXT(TableExtrap!H39,H$10)&REPT(\" \",$I$11-LEN(TEXT(TableExtrap!I39,I$10)))&TEXT(TableExtrap!I39,I$10)&REPT(\" \",$J$11-LEN(TEXT(TableExtrap!J39,J$10)))&TEXT(TableExtrap!J39,J$10)&IF($G$1=1,REPT(\" \",$K$11-LEN(TEXT(TableExtrap!K39,K$10)))&TEXT(TableExtrap!K39,K$10),\"\"))","v":"  -1.00    0.600   0.0070  -0.1785"}]
[{"$f":"IF(TableExtrap!J40=0,\" \",REPT(\" \",$H$11-LEN(TEXT(TableExtrap!H40,H$10)))&TEXT(TableExtrap!H40,H$10)&REPT(\" \",$I$11-LEN(TEXT(TableExtrap!I40,I$10)))&TEXT(TableExtrap!I40,I$10)&REPT(\" \",$J$11-LEN(TEXT(TableExtrap!J40,J$10)))&TEXT(TableExtrap!J40,J$10)&IF($G$1=1,REPT(\" \",$K$11-LEN(TEXT(TableExtrap!K40,K$10)))&TEXT(TableExtrap!K40,K$10),\"\"))","v":"   0.00    0.710   0.0072  -0.1801"}]
[{"$f":"IF(TableExtrap!J41=0,\" \",REPT(\" \",$H$11-LEN(TEXT(TableExtrap!H41,H$10)))&TEXT(TableExtrap!H41,H$10)&REPT(\" \",$I$11-LEN(TEXT(TableExtrap!I41,I$10)))&TEXT(TableExtrap!I41,I$10)&REPT(\" \",$J$11-LEN(TEXT(TableExtrap!J41,J$10)))&TEXT(TableExtrap!J41,J$10)&IF($G$1=1,REPT(\" \",$K$11-LEN(TEXT(TableExtrap!K41,K$10)))&TEXT(TableExtrap!K41,K$10),\"\"))","v":"   1.00    0.820   0.0074  -0.1813"}]
[{"$f":"IF(TableExtrap!J42=0,\" \",REPT(\" \",$H$11-LEN(TEXT(TableExtrap!H42,H$10)))&TEXT(TableExtrap!H42,H$10)&REPT(\" \",$I$11-LEN(TEXT(TableExtrap!I42,I$10)))&TEXT(TableExtrap!I42,I$10)&REPT(\" \",$J$11-LEN(TEXT(TableExtrap!J42,J$10)))&TEXT(TableExtrap!J42,J$10)&IF($G$1=1,REPT(\" \",$K$11-LEN(TEXT(TableExtrap!K42,K$10)))&TEXT(TableExtrap!K42,K$10),\"\"))","v":"   2.00    0.930   0.0076  -0.1825"}]
[{"$f":"IF(TableExtrap!J43=0,\" \",REPT(\" \",$H$11-LEN(TEXT(TableExtrap!H43,H$10)))&TEXT(TableExtrap!H43,H$10)&REPT(\" \",$I$11-LEN(TEXT(TableExtrap!I43,I$10)))&TEXT(TableExtrap!I43,I$10)&REPT(\" \",$J$11-LEN(TEXT(TableExtrap!J43,J$10)))&TEXT(TableExtrap!J43,J$10)&IF($G$1=1,REPT(\" \",$K$11-LEN(TEXT(TableExtrap!K43,K$10)))&TEXT(TableExtrap!K43,K$10),\"\"))","v":"   3.00    1.040   0.0078  -0.1831"}]
[{"$f":"IF(TableExtrap!J44=0,\" \",REPT(\" \",$H$11-LEN(TEXT(TableExtrap!H44,H$10)))&TEXT(TableExtrap!H44,H$10)&REPT(\" \",$I$11-LEN(TEXT(TableExtrap!I44,I$10)))&TEXT(TableExtrap!I44,I$10)&REPT(\" \",$J$11-LEN(TEXT(TableExtrap!J44,J$10)))&TEXT(TableExtrap!J44,J$10)&IF($G$1=1,REPT(\" \",$K$11-LEN(TEXT(TableExtrap!K44,K$10)))&TEXT(TableExtrap!K44,K$10),\"\"))","v":"   4.00    1.140   0.0082  -0.1837"}]
[{"$f":"IF(TableExtrap!J45=0,\" \",REPT(\" \",$H$11-LEN(TEXT(TableExtrap!H45,H$10)))&TEXT(TableExtrap!H45,H$10)&REPT(\" \",$I$11-LEN(TEXT(TableExtrap!I45,I$10)))&TEXT(TableExtrap!I45,I$10)&REPT(\" \",$J$11-LEN(TEXT(TableExtrap!J45,J$10)))&TEXT(TableExtrap!J45,J$10)&IF($G$1=1,REPT(\" \",$K$11-LEN(TEXT(TableExtrap!K45,K$10)))&TEXT(TableExtrap!K45,K$10),\"\"))","v":"   5.00    1.250   0.0087  -0.1816"}]
[{"$f":"IF(TableExtrap!J46=0,\" \",REPT(\" \",$H$11-LEN(TEXT(TableExtrap!H46,H$10)))&TEXT(TableExtrap!H46,H$10)&REPT(\" \",$I$11-LEN(TEXT(TableExtrap!I46,I$10)))&TEXT(TableExtrap!I46,I$10)&REPT(\" \",$J$11-LEN(TEXT(TableExtrap!J46,J$10)))&TEXT(TableExtrap!J46,J$10)&IF($G$1=1,REPT(\" \",$K$11-LEN(TEXT(TableExtrap!K46,K$10)))&TEXT(TableExtrap!K46,K$10),\"\"))","v":"   6.00    1.350   0.0104  -0.1795"}]
[{"$f":"IF(TableExtrap!J47=0,\" \",REPT(\" \",$H$11-LEN(TEXT(TableExtrap!H47,H$10)))&TEXT(TableExtrap!H47,H$10)&REPT(\" \",$I$11-LEN(TEXT(TableExtrap!I47,I$10)))&TEXT(TableExtrap!I47,I$10)&REPT(\" \",$J$11-LEN(TEXT(TableExtrap!J47,J$10)))&TEXT(TableExtrap!J47,J$10)&IF($G$1=1,REPT(\" \",$K$11-LEN(TEXT(TableExtrap!K47,K$10)))&TEXT(TableExtrap!K47,K$10),\"\"))","v":"   7.00    1.440   0.0146  -0.1757"}]
[{"$f":"IF(TableExtrap!J48=0,\" \",REPT(\" \",$H$11-LEN(TEXT(TableExtrap!H48,H$10)))&TEXT(TableExtrap!H48,H$10)&REPT(\" \",$I$11-LEN(TEXT(TableExtrap!I48,I$10)))&TEXT(TableExtrap!I48,I$10)&REPT(\" \",$J$11-LEN(TEXT(TableExtrap!J48,J$10)))&TEXT(TableExtrap!J48,J$10)&IF($G$1=1,REPT(\" \",$K$11-LEN(TEXT(TableExtrap!K48,K$10)))&TEXT(TableExtrap!K48,K$10),\"\"))","v":"   8.00    1.530   0.0184  -0.1719"}]
[{"$f":"IF(TableExtrap!J49=0,\" \",REPT(\" \",$H$11-LEN(TEXT(TableExtrap!H49,H$10)))&TEXT(TableExtrap!H49,H$10)&REPT(\" \",$I$11-LEN(TEXT(TableExtrap!I49,I$10)))&TEXT(TableExtrap!I49,I$10)&REPT(\" \",$J$11-LEN(TEXT(TableExtrap!J49,J$10)))&TEXT(TableExtrap!J49,J$10)&IF($G$1=1,REPT(\" \",$K$11-LEN(TEXT(TableExtrap!K49,K$10)))&TEXT(TableExtrap!K49,K$10),\"\"))","v":"   9.00    1.630   0.0200  -0.1681"}]
[{"$f":"IF(TableExtrap!J50=0,\" \",REPT(\" \",$H$11-LEN(TEXT(TableExtrap!H50,H$10)))&TEXT(TableExtrap!H50,H$10)&REPT(\" \",$I$11-LEN(TEXT(TableExtrap!I50,I$10)))&TEXT(TableExtrap!I50,I$10)&REPT(\" \",$J$11-LEN(TEXT(TableExtrap!J50,J$10)))&TEXT(TableExtrap!J50,J$10)&IF($G$1=1,REPT(\" \",$K$11-LEN(TEXT(TableExtrap!K50,K$10)))&TEXT(TableExtrap!K50,K$10),\"\"))","v":"  10.00    1.650   0.0219  -0.1643"}]
[{"$f":"IF(TableExtrap!J51=0,\" \",REPT(\" \",$H$11-LEN(TEXT(TableExtrap!H51,H$10)))&TEXT(TableExtrap!H51,H$10)&REPT(\" \",$I$11-LEN(TEXT(TableExtrap!I51,I$10)))&TEXT(TableExtrap!I51,I$10)&REPT(\" \",$J$11-LEN(TEXT(TableExtrap!J51,J$10)))&TEXT(TableExtrap!J51,J$10)&IF($G$1=1,REPT(\" \",$K$11-LEN(TEXT(TableExtrap!K51,K$10)))&TEXT(TableExtrap!K51,K$10),\"\"))","v":"  11.00    1.670   0.0239  -0.1587"}]
[{"$f":"IF(TableExtrap!J52=0,\" \",REPT(\" \",$H$11-LEN(TEXT(TableExtrap!H52,H$10)))&TEXT(TableExtrap!H52,H$10)&REPT(\" \",$I$11-LEN(TEXT(TableExtrap!I52,I$10)))&TEXT(TableExtrap!I52,I$10)&REPT(\" \",$J$11-LEN(TEXT(TableExtrap!J52,J$10)))&TEXT(TableExtrap!J52,J$10)&IF($G$1=1,REPT(\" \",$K$11-LEN(TEXT(TableExtrap!K52,K$10)))&TEXT(TableExtrap!K52,K$10),\"\"))","v":"  12.00    1.680   0.0262  -0.1530"}]
[{"$f":"IF(TableExtrap!J53=0,\" \",REPT(\" \",$H$11-LEN(TEXT(TableExtrap!H53,H$10)))&TEXT(TableExtrap!H53,H$10)&REPT(\" \",$I$11-LEN(TEXT(TableExtrap!I53,I$10)))&TEXT(TableExtrap!I53,I$10)&REPT(\" \",$J$11-LEN(TEXT(TableExtrap!J53,J$10)))&TEXT(TableExtrap!J53,J$10)&IF($G$1=1,REPT(\" \",$K$11-LEN(TEXT(TableExtrap!K53,K$10)))&TEXT(TableExtrap!K53,K$10),\"\"))","v":"  13.00    1.670   0.0288  -0.1476"}]
[{"$f":"IF(TableExtrap!J54=0,\" \",REPT(\" \",$H$11-LEN(TEXT(TableExtrap!H54,H$10)))&TEXT(TableExtrap!H54,H$10)&REPT(\" \",$I$11-LEN(TEXT(TableExtrap!I54,I$10)))&TEXT(TableExtrap!I54,I$10)&REPT(\" \",$J$11-LEN(TEXT(TableExtrap!J54,J$10)))&TEXT(TableExtrap!J54,J$10)&IF($G$1=1,REPT(\" \",$K$11-LEN(TEXT(TableExtrap!K54,K$10)))&TEXT(TableExtrap!K54,K$10),\"\"))","v":"  14.00    1.650   0.0316  -0.1422"}]
[{"$f":"IF(TableExtrap!J55=0,\" \",REPT(\" \",$H$11-LEN(TEXT(TableExtrap!H55,H$10)))&TEXT(TableExtrap!H55,H$10)&REPT(\" \",$I$11-LEN(TEXT(TableExtrap!I55,I$10)))&TEXT(TableExtrap!I55,I$10)&REPT(\" \",$J$11-LEN(TEXT(TableExtrap!J55,J$10)))&TEXT(TableExtrap!J55,J$10)&IF($G$1=1,REPT(\" \",$K$11-LEN(TEXT(TableExtrap!K55,K$10)))&TEXT(TableExtrap!K55,K$10),\"\"))","v":"  15.00    1.630   0.0520  -0.1364"}]
[{"$f":"IF(TableExtrap!J56=0,\" \",REPT(\" \",$H$11-LEN(TEXT(TableExtrap!H56,H$10)))&TEXT(TableExtrap!H56,H$10)&REPT(\" \",$I$11-LEN(TEXT(TableExtrap!I56,I$10)))&TEXT(TableExtrap!I56,I$10)&REPT(\" \",$J$11-LEN(TEXT(TableExtrap!J56,J$10)))&TEXT(TableExtrap!J56,J$10)&IF($G$1=1,REPT(\" \",$K$11-LEN(TEXT(TableExtrap!K56,K$10)))&TEXT(TableExtrap!K56,K$10),\"\"))","v":"  30.00    1.080   0.6200  -0.2712"}]
[{"$f":"IF(TableExtrap!J57=0,\" \",REPT(\" \",$H$11-LEN(TEXT(TableExtrap!H57,H$10)))&TEXT(TableExtrap!H57,H$10)&REPT(\" \",$I$11-LEN(TEXT(TableExtrap!I57,I$10)))&TEXT(TableExtrap!I57,I$10)&REPT(\" \",$J$11-LEN(TEXT(TableExtrap!J57,J$10)))&TEXT(TableExtrap!J57,J$10)&IF($G$1=1,REPT(\" \",$K$11-LEN(TEXT(TableExtrap!K57,K$10)))&TEXT(TableExtrap!K57,K$10),\"\"))","v":"  40.00    1.150   0.9600  -0.3363"}]
[{"$f":"IF(TableExtrap!J58=0,\" \",REPT(\" \",$H$11-LEN(TEXT(TableExtrap!H58,H$10)))&TEXT(TableExtrap!H58,H$10)&REPT(\" \",$I$11-LEN(TEXT(TableExtrap!I58,I$10)))&TEXT(TableExtrap!I58,I$10)&REPT(\" \",$J$11-LEN(TEXT(TableExtrap!J58,J$10)))&TEXT(TableExtrap!J58,J$10)&IF($G$1=1,REPT(\" \",$K$11-LEN(TEXT(TableExtrap!K58,K$10)))&TEXT(TableExtrap!K58,K$10),\"\"))","v":"  50.00    1.042   1.2378  -0.4146"}]
[{"$f":"IF(TableExtrap!J59=0,\" \",REPT(\" \",$H$11-LEN(TEXT(TableExtrap!H59,H$10)))&TEXT(TableExtrap!H59,H$10)&REPT(\" \",$I$11-LEN(TEXT(TableExtrap!I59,I$10)))&TEXT(TableExtrap!I59,I$10)&REPT(\" \",$J$11-LEN(TEXT(TableExtrap!J59,J$10)))&TEXT(TableExtrap!J59,J$10)&IF($G$1=1,REPT(\" \",$K$11-LEN(TEXT(TableExtrap!K59,K$10)))&TEXT(TableExtrap!K59,K$10),\"\"))","v":"  60.00    0.863   1.4912  -0.4817"}]
[{"$f":"IF(TableExtrap!J60=0,\" \",REPT(\" \",$H$11-LEN(TEXT(TableExtrap!H60,H$10)))&TEXT(TableExtrap!H60,H$10)&REPT(\" \",$I$11-LEN(TEXT(TableExtrap!I60,I$10)))&TEXT(TableExtrap!I60,I$10)&REPT(\" \",$J$11-LEN(TEXT(TableExtrap!J60,J$10)))&TEXT(TableExtrap!J60,J$10)&IF($G$1=1,REPT(\" \",$K$11-LEN(TEXT(TableExtrap!K60,K$10)))&TEXT(TableExtrap!K60,K$10),\"\"))","v":"  70.00    0.614   1.6860  -0.5382"}]
[{"$f":"IF(TableExtrap!J61=0,\" \",REPT(\" \",$H$11-LEN(TEXT(TableExtrap!H61,H$10)))&TEXT(TableExtrap!H61,H$10)&REPT(\" \",$I$11-LEN(TEXT(TableExtrap!I61,I$10)))&TEXT(TableExtrap!I61,I$10)&REPT(\" \",$J$11-LEN(TEXT(TableExtrap!J61,J$10)))&TEXT(TableExtrap!J61,J$10)&IF($G$1=1,REPT(\" \",$K$11-LEN(TEXT(TableExtrap!K61,K$10)))&TEXT(TableExtrap!K61,K$10),\"\"))","v":"  80.00    0.317   1.7948  -0.5826"}]
[{"$f":"IF(TableExtrap!J62=0,\" \",REPT(\" \",$H$11-LEN(TEXT(TableExtrap!H62,H$10)))&TEXT(TableExtrap!H62,H$10)&REPT(\" \",$I$11-LEN(TEXT(TableExtrap!I62,I$10)))&TEXT(TableExtrap!I62,I$10)&REPT(\" \",$J$11-LEN(TEXT(TableExtrap!J62,J$10)))&TEXT(TableExtrap!J62,J$10)&IF($G$1=1,REPT(\" \",$K$11-LEN(TEXT(TableExtrap!K62,K$10)))&TEXT(TableExtrap!K62,K$10),\"\"))","v":"  90.00    0.000   1.8000  -0.6133"}]
[{"$f":"IF(TableExtrap!J63=0,\" \",REPT(\" \",$H$11-LEN(TEXT(TableExtrap!H63,H$10)))&TEXT(TableExtrap!H63,H$10)&REPT(\" \",$I$11-LEN(TEXT(TableExtrap!I63,I$10)))&TEXT(TableExtrap!I63,I$10)&REPT(\" \",$J$11-LEN(TEXT(TableExtrap!J63,J$10)))&TEXT(TableExtrap!J63,J$10)&IF($G$1=1,REPT(\" \",$K$11-LEN(TEXT(TableExtrap!K63,K$10)))&TEXT(TableExtrap!K63,K$10),\"\"))","v":" 100.00   -0.222   1.7948  -0.6507"}]
[{"$f":"IF(TableExtrap!J64=0,\" \",REPT(\" \",$H$11-LEN(TEXT(TableExtrap!H64,H$10)))&TEXT(TableExtrap!H64,H$10)&REPT(\" \",$I$11-LEN(TEXT(TableExtrap!I64,I$10)))&TEXT(TableExtrap!I64,I$10)&REPT(\" \",$J$11-LEN(TEXT(TableExtrap!J64,J$10)))&TEXT(TableExtrap!J64,J$10)&IF($G$1=1,REPT(\" \",$K$11-LEN(TEXT(TableExtrap!K64,K$10)))&TEXT(TableExtrap!K64,K$10),\"\"))","v":" 110.00   -0.430   1.6860  -0.6673"}]
[{"$f":"IF(TableExtrap!J65=0,\" \",REPT(\" \",$H$11-LEN(TEXT(TableExtrap!H65,H$10)))&TEXT(TableExtrap!H65,H$10)&REPT(\" \",$I$11-LEN(TEXT(TableExtrap!I65,I$10)))&TEXT(TableExtrap!I65,I$10)&REPT(\" \",$J$11-LEN(TEXT(TableExtrap!J65,J$10)))&TEXT(TableExtrap!J65,J$10)&IF($G$1=1,REPT(\" \",$K$11-LEN(TEXT(TableExtrap!K65,K$10)))&TEXT(TableExtrap!K65,K$10),\"\"))","v":" 120.00   -0.604   1.4912  -0.6655"}]
[{"$f":"IF(TableExtrap!J66=0,\" \",REPT(\" \",$H$11-LEN(TEXT(TableExtrap!H66,H$10)))&TEXT(TableExtrap!H66,H$10)&REPT(\" \",$I$11-LEN(TEXT(TableExtrap!I66,I$10)))&TEXT(TableExtrap!I66,I$10)&REPT(\" \",$J$11-LEN(TEXT(TableExtrap!J66,J$10)))&TEXT(TableExtrap!J66,J$10)&IF($G$1=1,REPT(\" \",$K$11-LEN(TEXT(TableExtrap!K66,K$10)))&TEXT(TableExtrap!K66,K$10),\"\"))","v":" 130.00   -0.729   1.2378  -0.6518"}]
[{"$f":"IF(TableExtrap!J67=0,\" \",REPT(\" \",$H$11-LEN(TEXT(TableExtrap!H67,H$10)))&TEXT(TableExtrap!H67,H$10)&REPT(\" \",$I$11-LEN(TEXT(TableExtrap!I67,I$10)))&TEXT(TableExtrap!I67,I$10)&REPT(\" \",$J$11-LEN(TEXT(TableExtrap!J67,J$10)))&TEXT(TableExtrap!J67,J$10)&IF($G$1=1,REPT(\" \",$K$11-LEN(TEXT(TableExtrap!K67,K$10)))&TEXT(TableExtrap!K67,K$10),\"\"))","v":" 140.00   -0.805   0.9600  -0.6377"}]
[{"$f":"IF(TableExtrap!J68=0,\" \",REPT(\" \",$H$11-LEN(TEXT(TableExtrap!H68,H$10)))&TEXT(TableExtrap!H68,H$10)&REPT(\" \",$I$11-LEN(TEXT(TableExtrap!I68,I$10)))&TEXT(TableExtrap!I68,I$10)&REPT(\" \",$J$11-LEN(TEXT(TableExtrap!J68,J$10)))&TEXT(TableExtrap!J68,J$10)&IF($G$1=1,REPT(\" \",$K$11-LEN(TEXT(TableExtrap!K68,K$10)))&TEXT(TableExtrap!K68,K$10),\"\"))","v":" 150.00   -0.604   0.6945  -0.5509"}]
[{"$f":"IF(TableExtrap!J69=0,\" \",REPT(\" \",$H$11-LEN(TEXT(TableExtrap!H69,H$10)))&TEXT(TableExtrap!H69,H$10)&REPT(\" \",$I$11-LEN(TEXT(TableExtrap!I69,I$10)))&TEXT(TableExtrap!I69,I$10)&REPT(\" \",$J$11-LEN(TEXT(TableExtrap!J69,J$10)))&TEXT(TableExtrap!J69,J$10)&IF($G$1=1,REPT(\" \",$K$11-LEN(TEXT(TableExtrap!K69,K$10)))&TEXT(TableExtrap!K69,K$10),\"\"))","v":" 160.00   -0.403   0.4759  -0.4663"}]
[{"$f":"IF(TableExtrap!J70=0,\" \",REPT(\" \",$H$11-LEN(TEXT(TableExtrap!H70,H$10)))&TEXT(TableExtrap!H70,H$10)&REPT(\" \",$I$11-LEN(TEXT(TableExtrap!I70,I$10)))&TEXT(TableExtrap!I70,I$10)&REPT(\" \",$J$11-LEN(TEXT(TableExtrap!J70,J$10)))&TEXT(TableExtrap!J70,J$10)&IF($G$1=1,REPT(\" \",$K$11-LEN(TEXT(TableExtrap!K70,K$10)))&TEXT(TableExtrap!K70,K$10),\"\"))","v":" 170.00   -0.201   0.3323  -0.5000"}]
[{"$f":"IF(TableExtrap!J71=0,\" \",REPT(\" \",$H$11-LEN(TEXT(TableExtrap!H71,H$10)))&TEXT(TableExtrap!H71,H$10)&REPT(\" \",$I$11-LEN(TEXT(TableExtrap!I71,I$10)))&TEXT(TableExtrap!I71,I$10)&REPT(\" \",$J$11-LEN(TEXT(TableExtrap!J71,J$10)))&TEXT(TableExtrap!J71,J$10)&IF($G$1=1,REPT(\" \",$K$11-LEN(TEXT(TableExtrap!K71,K$10)))&TEXT(TableExtrap!K71,K$10),\"\"))","v":" 180.00    0.000   0.2823   0.0000"}]
[{"$f":"IF(TableExtrap!J72=0,\" \",REPT(\" \",$H$11-LEN(TEXT(TableExtrap!H72,H$10)))&TEXT(TableExtrap!H72,H$10)&REPT(\" \",$I$11-LEN(TEXT(TableExtrap!I72,I$10)))&TEXT(TableExtrap!I72,I$10)&REPT(\" \",$J$11-LEN(TEXT(TableExtrap!J72,J$10)))&TEXT(TableExtrap!J72,J$10)&IF($G$1=1,REPT(\" \",$K$11-LEN(TEXT(TableExtrap!K72,K$10)))&TEXT(TableExtrap!K72,K$10),\"\"))","v":" "}]
[{"$f":"IF(TableExtrap!J73=0,\" \",REPT(\" \",$H$11-LEN(TEXT(TableExtrap!H73,H$10)))&TEXT(TableExtrap!H73,H$10)&REPT(\" \",$I$11-LEN(TEXT(TableExtrap!I73,I$10)))&TEXT(TableExtrap!I73,I$10)&REPT(\" \",$J$11-LEN(TEXT(TableExtrap!J73,J$10)))&TEXT(TableExtrap!J73,J$10)&IF($G$1=1,REPT(\" \",$K$11-LEN(TEXT(TableExtrap!K73,K$10)))&TEXT(TableExtrap!K73,K$10),\"\"))","v":" "}]
[{"$f":"IF(TableExtrap!J74=0,\" \",REPT(\" \",$H$11-LEN(TEXT(TableExtrap!H74,H$10)))&TEXT(TableExtrap!H74,H$10)&REPT(\" \",$I$11-LEN(TEXT(TableExtrap!I74,I$10)))&TEXT(TableExtrap!I74,I$10)&REPT(\" \",$J$11-LEN(TEXT(TableExtrap!J74,J$10)))&TEXT(TableExtrap!J74,J$10)&IF($G$1=1,REPT(\" \",$K$11-LEN(TEXT(TableExtrap!K74,K$10)))&TEXT(TableExtrap!K74,K$10),\"\"))","v":" "}]
[{"$f":"IF(TableExtrap!J75=0,\" \",REPT(\" \",$H$11-LEN(TEXT(TableExtrap!H75,H$10)))&TEXT(TableExtrap!H75,H$10)&REPT(\" \",$I$11-LEN(TEXT(TableExtrap!I75,I$10)))&TEXT(TableExtrap!I75,I$10)&REPT(\" \",$J$11-LEN(TEXT(TableExtrap!J75,J$10)))&TEXT(TableExtrap!J75,J$10)&IF($G$1=1,REPT(\" \",$K$11-LEN(TEXT(TableExtrap!K75,K$10)))&TEXT(TableExtrap!K75,K$10),\"\"))","v":" "}]
[{"$f":"IF(TableExtrap!J76=0,\" \",REPT(\" \",$H$11-LEN(TEXT(TableExtrap!H76,H$10)))&TEXT(TableExtrap!H76,H$10)&REPT(\" \",$I$11-LEN(TEXT(TableExtrap!I76,I$10)))&TEXT(TableExtrap!I76,I$10)&REPT(\" \",$J$11-LEN(TEXT(TableExtrap!J76,J$10)))&TEXT(TableExtrap!J76,J$10)&IF($G$1=1,REPT(\" \",$K$11-LEN(TEXT(TableExtrap!K76,K$10)))&TEXT(TableExtrap!K76,K$10),\"\"))","v":" "}]
[{"$f":"IF(TableExtrap!J77=0,\" \",REPT(\" \",$H$11-LEN(TEXT(TableExtrap!H77,H$10)))&TEXT(TableExtrap!H77,H$10)&REPT(\" \",$I$11-LEN(TEXT(TableExtrap!I77,I$10)))&TEXT(TableExtrap!I77,I$10)&REPT(\" \",$J$11-LEN(TEXT(TableExtrap!J77,J$10)))&TEXT(TableExtrap!J77,J$10)&IF($G$1=1,REPT(\" \",$K$11-LEN(TEXT(TableExtrap!K77,K$10)))&TEXT(TableExtrap!K77,K$10),\"\"))","v":" "}]
[{"$f":"IF(TableExtrap!J78=0,\" \",REPT(\" \",$H$11-LEN(TEXT(TableExtrap!H78,H$10)))&TEXT(TableExtrap!H78,H$10)&REPT(\" \",$I$11-LEN(TEXT(TableExtrap!I78,I$10)))&TEXT(TableExtrap!I78,I$10)&REPT(\" \",$J$11-LEN(TEXT(TableExtrap!J78,J$10)))&TEXT(TableExtrap!J78,J$10)&IF($G$1=1,REPT(\" \",$K$11-LEN(TEXT(TableExtrap!K78,K$10)))&TEXT(TableExtrap!K78,K$10),\"\"))","v":" "}]
[{"$f":"IF(TableExtrap!J79=0,\" \",REPT(\" \",$H$11-LEN(TEXT(TableExtrap!H79,H$10)))&TEXT(TableExtrap!H79,H$10)&REPT(\" \",$I$11-LEN(TEXT(TableExtrap!I79,I$10)))&TEXT(TableExtrap!I79,I$10)&REPT(\" \",$J$11-LEN(TEXT(TableExtrap!J79,J$10)))&TEXT(TableExtrap!J79,J$10)&IF($G$1=1,REPT(\" \",$K$11-LEN(TEXT(TableExtrap!K79,K$10)))&TEXT(TableExtrap!K79,K$10),\"\"))","v":" "}]
[{"$f":"IF(TableExtrap!J80=0,\" \",REPT(\" \",$H$11-LEN(TEXT(TableExtrap!H80,H$10)))&TEXT(TableExtrap!H80,H$10)&REPT(\" \",$I$11-LEN(TEXT(TableExtrap!I80,I$10)))&TEXT(TableExtrap!I80,I$10)&REPT(\" \",$J$11-LEN(TEXT(TableExtrap!J80,J$10)))&TEXT(TableExtrap!J80,J$10)&IF($G$1=1,REPT(\" \",$K$11-LEN(TEXT(TableExtrap!K80,K$10)))&TEXT(TableExtrap!K80,K$10),\"\"))","v":" "}]
[{"$f":"IF(TableExtrap!J81=0,\" \",REPT(\" \",$H$11-LEN(TEXT(TableExtrap!H81,H$10)))&TEXT(TableExtrap!H81,H$10)&REPT(\" \",$I$11-LEN(TEXT(TableExtrap!I81,I$10)))&TEXT(TableExtrap!I81,I$10)&REPT(\" \",$J$11-LEN(TEXT(TableExtrap!J81,J$10)))&TEXT(TableExtrap!J81,J$10)&IF($G$1=1,REPT(\" \",$K$11-LEN(TEXT(TableExtrap!K81,K$10)))&TEXT(TableExtrap!K81,K$10),\"\"))","v":" "}]
[{"$f":"IF(TableExtrap!J82=0,\" \",REPT(\" \",$H$11-LEN(TEXT(TableExtrap!H82,H$10)))&TEXT(TableExtrap!H82,H$10)&REPT(\" \",$I$11-LEN(TEXT(TableExtrap!I82,I$10)))&TEXT(TableExtrap!I82,I$10)&REPT(\" \",$J$11-LEN(TEXT(TableExtrap!J82,J$10)))&TEXT(TableExtrap!J82,J$10)&IF($G$1=1,REPT(\" \",$K$11-LEN(TEXT(TableExtrap!K82,K$10)))&TEXT(TableExtrap!K82,K$10),\"\"))","v":" "}]
[{"$f":"IF(TableExtrap!J83=0,\" \",REPT(\" \",$H$11-LEN(TEXT(TableExtrap!H83,H$10)))&TEXT(TableExtrap!H83,H$10)&REPT(\" \",$I$11-LEN(TEXT(TableExtrap!I83,I$10)))&TEXT(TableExtrap!I83,I$10)&REPT(\" \",$J$11-LEN(TEXT(TableExtrap!J83,J$10)))&TEXT(TableExtrap!J83,J$10)&IF($G$1=1,REPT(\" \",$K$11-LEN(TEXT(TableExtrap!K83,K$10)))&TEXT(TableExtrap!K83,K$10),\"\"))","v":" "}]
[{"$f":"IF(TableExtrap!J84=0,\" \",REPT(\" \",$H$11-LEN(TEXT(TableExtrap!H84,H$10)))&TEXT(TableExtrap!H84,H$10)&REPT(\" \",$I$11-LEN(TEXT(TableExtrap!I84,I$10)))&TEXT(TableExtrap!I84,I$10)&REPT(\" \",$J$11-LEN(TEXT(TableExtrap!J84,J$10)))&TEXT(TableExtrap!J84,J$10)&IF($G$1=1,REPT(\" \",$K$11-LEN(TEXT(TableExtrap!K84,K$10)))&TEXT(TableExtrap!K84,K$10),\"\"))","v":" "}]
[{"$f":"IF(TableExtrap!J85=0,\" \",REPT(\" \",$H$11-LEN(TEXT(TableExtrap!H85,H$10)))&TEXT(TableExtrap!H85,H$10)&REPT(\" \",$I$11-LEN(TEXT(TableExtrap!I85,I$10)))&TEXT(TableExtrap!I85,I$10)&REPT(\" \",$J$11-LEN(TEXT(TableExtrap!J85,J$10)))&TEXT(TableExtrap!J85,J$10)&IF($G$1=1,REPT(\" \",$K$11-LEN(TEXT(TableExtrap!K85,K$10)))&TEXT(TableExtrap!K85,K$10),\"\"))","v":" "}]
[{"$f":"IF(TableExtrap!J86=0,\" \",REPT(\" \",$H$11-LEN(TEXT(TableExtrap!H86,H$10)))&TEXT(TableExtrap!H86,H$10)&REPT(\" \",$I$11-LEN(TEXT(TableExtrap!I86,I$10)))&TEXT(TableExtrap!I86,I$10)&REPT(\" \",$J$11-LEN(TEXT(TableExtrap!J86,J$10)))&TEXT(TableExtrap!J86,J$10)&IF($G$1=1,REPT(\" \",$K$11-LEN(TEXT(TableExtrap!K86,K$10)))&TEXT(TableExtrap!K86,K$10),\"\"))","v":" "}]
[{"$f":"IF(TableExtrap!J87=0,\" \",REPT(\" \",$H$11-LEN(TEXT(TableExtrap!H87,H$10)))&TEXT(TableExtrap!H87,H$10)&REPT(\" \",$I$11-LEN(TEXT(TableExtrap!I87,I$10)))&TEXT(TableExtrap!I87,I$10)&REPT(\" \",$J$11-LEN(TEXT(TableExtrap!J87,J$10)))&TEXT(TableExtrap!J87,J$10)&IF($G$1=1,REPT(\" \",$K$11-LEN(TEXT(TableExtrap!K87,K$10)))&TEXT(TableExtrap!K87,K$10),\"\"))","v":" "}]
[{"$f":"IF(TableExtrap!J88=0,\" \",REPT(\" \",$H$11-LEN(TEXT(TableExtrap!H88,H$10)))&TEXT(TableExtrap!H88,H$10)&REPT(\" \",$I$11-LEN(TEXT(TableExtrap!I88,I$10)))&TEXT(TableExtrap!I88,I$10)&REPT(\" \",$J$11-LEN(TEXT(TableExtrap!J88,J$10)))&TEXT(TableExtrap!J88,J$10)&IF($G$1=1,REPT(\" \",$K$11-LEN(TEXT(TableExtrap!K88,K$10)))&TEXT(TableExtrap!K88,K$10),\"\"))","v":" "}]
[{"$f":"IF(TableExtrap!J89=0,\" \",REPT(\" \",$H$11-LEN(TEXT(TableExtrap!H89,H$10)))&TEXT(TableExtrap!H89,H$10)&REPT(\" \",$I$11-LEN(TEXT(TableExtrap!I89,I$10)))&TEXT(TableExtrap!I89,I$10)&REPT(\" \",$J$11-LEN(TEXT(TableExtrap!J89,J$10)))&TEXT(TableExtrap!J89,J$10)&IF($G$1=1,REPT(\" \",$K$11-LEN(TEXT(TableExtrap!K89,K$10)))&TEXT(TableExtrap!K89,K$10),\"\"))","v":" "}]
[{"$f":"IF(TableExtrap!J90=0,\" \",REPT(\" \",$H$11-LEN(TEXT(TableExtrap!H90,H$10)))&TEXT(TableExtrap!H90,H$10)&REPT(\" \",$I$11-LEN(TEXT(TableExtrap!I90,I$10)))&TEXT(TableExtrap!I90,I$10)&REPT(\" \",$J$11-LEN(TEXT(TableExtrap!J90,J$10)))&TEXT(TableExtrap!J90,J$10)&IF($G$1=1,REPT(\" \",$K$11-LEN(TEXT(TableExtrap!K90,K$10)))&TEXT(TableExtrap!K90,K$10),\"\"))","v":" "}]
[{"$f":"IF(TableExtrap!J91=0,\" \",REPT(\" \",$H$11-LEN(TEXT(TableExtrap!H91,H$10)))&TEXT(TableExtrap!H91,H$10)&REPT(\" \",$I$11-LEN(TEXT(TableExtrap!I91,I$10)))&TEXT(TableExtrap!I91,I$10)&REPT(\" \",$J$11-LEN(TEXT(TableExtrap!J91,J$10)))&TEXT(TableExtrap!J91,J$10)&IF($G$1=1,REPT(\" \",$K$11-LEN(TEXT(TableExtrap!K91,K$10)))&TEXT(TableExtrap!K91,K$10),\"\"))","v":" "}]
[{"$f":"IF(TableExtrap!J92=0,\" \",REPT(\" \",$H$11-LEN(TEXT(TableExtrap!H92,H$10)))&TEXT(TableExtrap!H92,H$10)&REPT(\" \",$I$11-LEN(TEXT(TableExtrap!I92,I$10)))&TEXT(TableExtrap!I92,I$10)&REPT(\" \",$J$11-LEN(TEXT(TableExtrap!J92,J$10)))&TEXT(TableExtrap!J92,J$10)&IF($G$1=1,REPT(\" \",$K$11-LEN(TEXT(TableExtrap!K92,K$10)))&TEXT(TableExtrap!K92,K$10),\"\"))","v":" "}]
[{"$f":"IF(TableExtrap!J93=0,\" \",REPT(\" \",$H$11-LEN(TEXT(TableExtrap!H93,H$10)))&TEXT(TableExtrap!H93,H$10)&REPT(\" \",$I$11-LEN(TEXT(TableExtrap!I93,I$10)))&TEXT(TableExtrap!I93,I$10)&REPT(\" \",$J$11-LEN(TEXT(TableExtrap!J93,J$10)))&TEXT(TableExtrap!J93,J$10)&IF($G$1=1,REPT(\" \",$K$11-LEN(TEXT(TableExtrap!K93,K$10)))&TEXT(TableExtrap!K93,K$10),\"\"))","v":" "}]
[{"$f":"IF(TableExtrap!J94=0,\" \",REPT(\" \",$H$11-LEN(TEXT(TableExtrap!H94,H$10)))&TEXT(TableExtrap!H94,H$10)&REPT(\" \",$I$11-LEN(TEXT(TableExtrap!I94,I$10)))&TEXT(TableExtrap!I94,I$10)&REPT(\" \",$J$11-LEN(TEXT(TableExtrap!J94,J$10)))&TEXT(TableExtrap!J94,J$10)&IF($G$1=1,REPT(\" \",$K$11-LEN(TEXT(TableExtrap!K94,K$10)))&TEXT(TableExtrap!K94,K$10),\"\"))","v":" "}]
[{"$f":"IF(TableExtrap!J95=0,\" \",REPT(\" \",$H$11-LEN(TEXT(TableExtrap!H95,H$10)))&TEXT(TableExtrap!H95,H$10)&REPT(\" \",$I$11-LEN(TEXT(TableExtrap!I95,I$10)))&TEXT(TableExtrap!I95,I$10)&REPT(\" \",$J$11-LEN(TEXT(TableExtrap!J95,J$10)))&TEXT(TableExtrap!J95,J$10)&IF($G$1=1,REPT(\" \",$K$11-LEN(TEXT(TableExtrap!K95,K$10)))&TEXT(TableExtrap!K95,K$10),\"\"))","v":" "}]
[{"$f":"IF(TableExtrap!J96=0,\" \",REPT(\" \",$H$11-LEN(TEXT(TableExtrap!H96,H$10)))&TEXT(TableExtrap!H96,H$10)&REPT(\" \",$I$11-LEN(TEXT(TableExtrap!I96,I$10)))&TEXT(TableExtrap!I96,I$10)&REPT(\" \",$J$11-LEN(TEXT(TableExtrap!J96,J$10)))&TEXT(TableExtrap!J96,J$10)&IF($G$1=1,REPT(\" \",$K$11-LEN(TEXT(TableExtrap!K96,K$10)))&TEXT(TableExtrap!K96,K$10),\"\"))","v":" "}]
[{"$f":"IF(TableExtrap!J97=0,\" \",REPT(\" \",$H$11-LEN(TEXT(TableExtrap!H97,H$10)))&TEXT(TableExtrap!H97,H$10)&REPT(\" \",$I$11-LEN(TEXT(TableExtrap!I97,I$10)))&TEXT(TableExtrap!I97,I$10)&REPT(\" \",$J$11-LEN(TEXT(TableExtrap!J97,J$10)))&TEXT(TableExtrap!J97,J$10)&IF($G$1=1,REPT(\" \",$K$11-LEN(TEXT(TableExtrap!K97,K$10)))&TEXT(TableExtrap!K97,K$10),\"\"))","v":" "}]
[{"$f":"IF(TableExtrap!J98=0,\" \",REPT(\" \",$H$11-LEN(TEXT(TableExtrap!H98,H$10)))&TEXT(TableExtrap!H98,H$10)&REPT(\" \",$I$11-LEN(TEXT(TableExtrap!I98,I$10)))&TEXT(TableExtrap!I98,I$10)&REPT(\" \",$J$11-LEN(TEXT(TableExtrap!J98,J$10)))&TEXT(TableExtrap!J98,J$10)&IF($G$1=1,REPT(\" \",$K$11-LEN(TEXT(TableExtrap!K98,K$10)))&TEXT(TableExtrap!K98,K$10),\"\"))","v":" "}]
[{"$f":"IF(TableExtrap!J99=0,\" \",REPT(\" \",$H$11-LEN(TEXT(TableExtrap!H99,H$10)))&TEXT(TableExtrap!H99,H$10)&REPT(\" \",$I$11-LEN(TEXT(TableExtrap!I99,I$10)))&TEXT(TableExtrap!I99,I$10)&REPT(\" \",$J$11-LEN(TEXT(TableExtrap!J99,J$10)))&TEXT(TableExtrap!J99,J$10)&IF($G$1=1,REPT(\" \",$K$11-LEN(TEXT(TableExtrap!K99,K$10)))&TEXT(TableExtrap!K99,K$10),\"\"))","v":" "}]
[{"$f":"IF(TableExtrap!J100=0,\" \",REPT(\" \",$H$11-LEN(TEXT(TableExtrap!H100,H$10)))&TEXT(TableExtrap!H100,H$10)&REPT(\" \",$I$11-LEN(TEXT(TableExtrap!I100,I$10)))&TEXT(TableExtrap!I100,I$10)&REPT(\" \",$J$11-LEN(TEXT(TableExtrap!J100,J$10)))&TEXT(TableExtrap!J100,J$10)&IF($G$1=1,REPT(\" \",$K$11-LEN(TEXT(TableExtrap!K100,K$10)))&TEXT(TableExtrap!K100,K$10),\"\"))","v":" "}]
[{"$f":"IF(TableExtrap!J101=0,\" \",REPT(\" \",$H$11-LEN(TEXT(TableExtrap!H101,H$10)))&TEXT(TableExtrap!H101,H$10)&REPT(\" \",$I$11-LEN(TEXT(TableExtrap!I101,I$10)))&TEXT(TableExtrap!I101,I$10)&REPT(\" \",$J$11-LEN(TEXT(TableExtrap!J101,J$10)))&TEXT(TableExtrap!J101,J$10)&IF($G$1=1,REPT(\" \",$K$11-LEN(TEXT(TableExtrap!K101,K$10)))&TEXT(TableExtrap!K101,K$10),\"\"))","v":" "}]
[{"$f":"IF(TableExtrap!J102=0,\" \",REPT(\" \",$H$11-LEN(TEXT(TableExtrap!H102,H$10)))&TEXT(TableExtrap!H102,H$10)&REPT(\" \",$I$11-LEN(TEXT(TableExtrap!I102,I$10)))&TEXT(TableExtrap!I102,I$10)&REPT(\" \",$J$11-LEN(TEXT(TableExtrap!J102,J$10)))&TEXT(TableExtrap!J102,J$10)&IF($G$1=1,REPT(\" \",$K$11-LEN(TEXT(TableExtrap!K102,K$10)))&TEXT(TableExtrap!K102,K$10),\"\"))","v":" "}]
[{"$f":"IF(TableExtrap!J103=0,\" \",REPT(\" \",$H$11-LEN(TEXT(TableExtrap!H103,H$10)))&TEXT(TableExtrap!H103,H$10)&REPT(\" \",$I$11-LEN(TEXT(TableExtrap!I103,I$10)))&TEXT(TableExtrap!I103,I$10)&REPT(\" \",$J$11-LEN(TEXT(TableExtrap!J103,J$10)))&TEXT(TableExtrap!J103,J$10)&IF($G$1=1,REPT(\" \",$K$11-LEN(TEXT(TableExtrap!K103,K$10)))&TEXT(TableExtrap!K103,K$10),\"\"))","v":" "}]
[{"$f":"IF(TableExtrap!J104=0,\" \",REPT(\" \",$H$11-LEN(TEXT(TableExtrap!H104,H$10)))&TEXT(TableExtrap!H104,H$10)&REPT(\" \",$I$11-LEN(TEXT(TableExtrap!I104,I$10)))&TEXT(TableExtrap!I104,I$10)&REPT(\" \",$J$11-LEN(TEXT(TableExtrap!J104,J$10)))&TEXT(TableExtrap!J104,J$10)&IF($G$1=1,REPT(\" \",$K$11-LEN(TEXT(TableExtrap!K104,K$10)))&TEXT(TableExtrap!K104,K$10),\"\"))","v":" "}]
[{"$f":"IF(TableExtrap!J105=0,\" \",REPT(\" \",$H$11-LEN(TEXT(TableExtrap!H105,H$10)))&TEXT(TableExtrap!H105,H$10)&REPT(\" \",$I$11-LEN(TEXT(TableExtrap!I105,I$10)))&TEXT(TableExtrap!I105,I$10)&REPT(\" \",$J$11-LEN(TEXT(TableExtrap!J105,J$10)))&TEXT(TableExtrap!J105,J$10)&IF($G$1=1,REPT(\" \",$K$11-LEN(TEXT(TableExtrap!K105,K$10)))&TEXT(TableExtrap!K105,K$10),\"\"))","v":" "}]
[{"$f":"IF(TableExtrap!J106=0,\" \",REPT(\" \",$H$11-LEN(TEXT(TableExtrap!H106,H$10)))&TEXT(TableExtrap!H106,H$10)&REPT(\" \",$I$11-LEN(TEXT(TableExtrap!I106,I$10)))&TEXT(TableExtrap!I106,I$10)&REPT(\" \",$J$11-LEN(TEXT(TableExtrap!J106,J$10)))&TEXT(TableExtrap!J106,J$10)&IF($G$1=1,REPT(\" \",$K$11-LEN(TEXT(TableExtrap!K106,K$10)))&TEXT(TableExtrap!K106,K$10),\"\"))","v":" "}]
[{"$f":"IF(TableExtrap!J107=0,\" \",REPT(\" \",$H$11-LEN(TEXT(TableExtrap!H107,H$10)))&TEXT(TableExtrap!H107,H$10)&REPT(\" \",$I$11-LEN(TEXT(TableExtrap!I107,I$10)))&TEXT(TableExtrap!I107,I$10)&REPT(\" \",$J$11-LEN(TEXT(TableExtrap!J107,J$10)))&TEXT(TableExtrap!J107,J$10)&IF($G$1=1,REPT(\" \",$K$11-LEN(TEXT(TableExtrap!K107,K$10)))&TEXT(TableExtrap!K107,K$10),\"\"))","v":" "}]
[{"$f":"IF(TableExtrap!J108=0,\" \",REPT(\" \",$H$11-LEN(TEXT(TableExtrap!H108,H$10)))&TEXT(TableExtrap!H108,H$10)&REPT(\" \",$I$11-LEN(TEXT(TableExtrap!I108,I$10)))&TEXT(TableExtrap!I108,I$10)&REPT(\" \",$J$11-LEN(TEXT(TableExtrap!J108,J$10)))&TEXT(TableExtrap!J108,J$10)&IF($G$1=1,REPT(\" \",$K$11-LEN(TEXT(TableExtrap!K108,K$10)))&TEXT(TableExtrap!K108,K$10),\"\"))","v":" "}]
[{"$f":"IF(TableExtrap!J109=0,\" \",REPT(\" \",$H$11-LEN(TEXT(TableExtrap!H109,H$10)))&TEXT(TableExtrap!H109,H$10)&REPT(\" \",$I$11-LEN(TEXT(TableExtrap!I109,I$10)))&TEXT(TableExtrap!I109,I$10)&REPT(\" \",$J$11-LEN(TEXT(TableExtrap!J109,J$10)))&TEXT(TableExtrap!J109,J$10)&IF($G$1=1,REPT(\" \",$K$11-LEN(TEXT(TableExtrap!K109,K$10)))&TEXT(TableExtrap!K109,K$10),\"\"))","v":" "}]
[{"$f":"IF(TableExtrap!J110=0,\" \",REPT(\" \",$H$11-LEN(TEXT(TableExtrap!H110,H$10)))&TEXT(TableExtrap!H110,H$10)&REPT(\" \",$I$11-LEN(TEXT(TableExtrap!I110,I$10)))&TEXT(TableExtrap!I110,I$10)&REPT(\" \",$J$11-LEN(TEXT(TableExtrap!J110,J$10)))&TEXT(TableExtrap!J110,J$10)&IF($G$1=1,REPT(\" \",$K$11-LEN(TEXT(TableExtrap!K110,K$10)))&TEXT(TableExtrap!K110,K$10),\"\"))","v":" "}]
[{"$f":"IF(TableExtrap!J111=0,\" \",REPT(\" \",$H$11-LEN(TEXT(TableExtrap!H111,H$10)))&TEXT(TableExtrap!H111,H$10)&REPT(\" \",$I$11-LEN(TEXT(TableExtrap!I111,I$10)))&TEXT(TableExtrap!I111,I$10)&REPT(\" \",$J$11-LEN(TEXT(TableExtrap!J111,J$10)))&TEXT(TableExtrap!J111,J$10)&IF($G$1=1,REPT(\" \",$K$11-LEN(TEXT(TableExtrap!K111,K$10)))&TEXT(TableExtrap!K111,K$10),\"\"))","v":" "}]
[{"$f":"IF(TableExtrap!J112=0,\" \",REPT(\" \",$H$11-LEN(TEXT(TableExtrap!H112,H$10)))&TEXT(TableExtrap!H112,H$10)&REPT(\" \",$I$11-LEN(TEXT(TableExtrap!I112,I$10)))&TEXT(TableExtrap!I112,I$10)&REPT(\" \",$J$11-LEN(TEXT(TableExtrap!J112,J$10)))&TEXT(TableExtrap!J112,J$10)&IF($G$1=1,REPT(\" \",$K$11-LEN(TEXT(TableExtrap!K112,K$10)))&TEXT(TableExtrap!K112,K$10),\"\"))","v":" "}]
[{"$f":"IF(TableExtrap!J113=0,\" \",REPT(\" \",$H$11-LEN(TEXT(TableExtrap!H113,H$10)))&TEXT(TableExtrap!H113,H$10)&REPT(\" \",$I$11-LEN(TEXT(TableExtrap!I113,I$10)))&TEXT(TableExtrap!I113,I$10)&REPT(\" \",$J$11-LEN(TEXT(TableExtrap!J113,J$10)))&TEXT(TableExtrap!J113,J$10)&IF($G$1=1,REPT(\" \",$K$11-LEN(TEXT(TableExtrap!K113,K$10)))&TEXT(TableExtrap!K113,K$10),\"\"))","v":" "}]
[{"$f":"IF(TableExtrap!J114=0,\" \",REPT(\" \",$H$11-LEN(TEXT(TableExtrap!H114,H$10)))&TEXT(TableExtrap!H114,H$10)&REPT(\" \",$I$11-LEN(TEXT(TableExtrap!I114,I$10)))&TEXT(TableExtrap!I114,I$10)&REPT(\" \",$J$11-LEN(TEXT(TableExtrap!J114,J$10)))&TEXT(TableExtrap!J114,J$10)&IF($G$1=1,REPT(\" \",$K$11-LEN(TEXT(TableExtrap!K114,K$10)))&TEXT(TableExtrap!K114,K$10),\"\"))","v":" "}]
[{"$f":"IF(TableExtrap!J115=0,\" \",REPT(\" \",$H$11-LEN(TEXT(TableExtrap!H115,H$10)))&TEXT(TableExtrap!H115,H$10)&REPT(\" \",$I$11-LEN(TEXT(TableExtrap!I115,I$10)))&TEXT(TableExtrap!I115,I$10)&REPT(\" \",$J$11-LEN(TEXT(TableExtrap!J115,J$10)))&TEXT(TableExtrap!J115,J$10)&IF($G$1=1,REPT(\" \",$K$11-LEN(TEXT(TableExtrap!K115,K$10)))&TEXT(TableExtrap!K115,K$10),\"\"))","v":" "}]
[{"$f":"IF(TableExtrap!J116=0,\" \",REPT(\" \",$H$11-LEN(TEXT(TableExtrap!H116,H$10)))&TEXT(TableExtrap!H116,H$10)&REPT(\" \",$I$11-LEN(TEXT(TableExtrap!I116,I$10)))&TEXT(TableExtrap!I116,I$10)&REPT(\" \",$J$11-LEN(TEXT(TableExtrap!J116,J$10)))&TEXT(TableExtrap!J116,J$10)&IF($G$1=1,REPT(\" \",$K$11-LEN(TEXT(TableExtrap!K116,K$10)))&TEXT(TableExtrap!K116,K$10),\"\"))","v":" "}]
[{"$f":"IF(TableExtrap!J117=0,\" \",REPT(\" \",$H$11-LEN(TEXT(TableExtrap!H117,H$10)))&TEXT(TableExtrap!H117,H$10)&REPT(\" \",$I$11-LEN(TEXT(TableExtrap!I117,I$10)))&TEXT(TableExtrap!I117,I$10)&REPT(\" \",$J$11-LEN(TEXT(TableExtrap!J117,J$10)))&TEXT(TableExtrap!J117,J$10)&IF($G$1=1,REPT(\" \",$K$11-LEN(TEXT(TableExtrap!K117,K$10)))&TEXT(TableExtrap!K117,K$10),\"\"))","v":" "}]
[{"$f":"IF(TableExtrap!J118=0,\" \",REPT(\" \",$H$11-LEN(TEXT(TableExtrap!H118,H$10)))&TEXT(TableExtrap!H118,H$10)&REPT(\" \",$I$11-LEN(TEXT(TableExtrap!I118,I$10)))&TEXT(TableExtrap!I118,I$10)&REPT(\" \",$J$11-LEN(TEXT(TableExtrap!J118,J$10)))&TEXT(TableExtrap!J118,J$10)&IF($G$1=1,REPT(\" \",$K$11-LEN(TEXT(TableExtrap!K118,K$10)))&TEXT(TableExtrap!K118,K$10),\"\"))","v":" "}]
[{"$f":"IF(TableExtrap!J119=0,\" \",REPT(\" \",$H$11-LEN(TEXT(TableExtrap!H119,H$10)))&TEXT(TableExtrap!H119,H$10)&REPT(\" \",$I$11-LEN(TEXT(TableExtrap!I119,I$10)))&TEXT(TableExtrap!I119,I$10)&REPT(\" \",$J$11-LEN(TEXT(TableExtrap!J119,J$10)))&TEXT(TableExtrap!J119,J$10)&IF($G$1=1,REPT(\" \",$K$11-LEN(TEXT(TableExtrap!K119,K$10)))&TEXT(TableExtrap!K119,K$10),\"\"))","v":" "}]
[{"$f":"IF(TableExtrap!J120=0,\" \",REPT(\" \",$H$11-LEN(TEXT(TableExtrap!H120,H$10)))&TEXT(TableExtrap!H120,H$10)&REPT(\" \",$I$11-LEN(TEXT(TableExtrap!I120,I$10)))&TEXT(TableExtrap!I120,I$10)&REPT(\" \",$J$11-LEN(TEXT(TableExtrap!J120,J$10)))&TEXT(TableExtrap!J120,J$10)&IF($G$1=1,REPT(\" \",$K$11-LEN(TEXT(TableExtrap!K120,K$10)))&TEXT(TableExtrap!K120,K$10),\"\"))","v":" "}]
[{"$f":"IF(TableExtrap!J121=0,\" \",REPT(\" \",$H$11-LEN(TEXT(TableExtrap!H121,H$10)))&TEXT(TableExtrap!H121,H$10)&REPT(\" \",$I$11-LEN(TEXT(TableExtrap!I121,I$10)))&TEXT(TableExtrap!I121,I$10)&REPT(\" \",$J$11-LEN(TEXT(TableExtrap!J121,J$10)))&TEXT(TableExtrap!J121,J$10)&IF($G$1=1,REPT(\" \",$K$11-LEN(TEXT(TableExtrap!K121,K$10)))&TEXT(TableExtrap!K121,K$10),\"\"))","v":" "}]
[{"$f":"IF(TableExtrap!J122=0,\" \",REPT(\" \",$H$11-LEN(TEXT(TableExtrap!H122,H$10)))&TEXT(TableExtrap!H122,H$10)&REPT(\" \",$I$11-LEN(TEXT(TableExtrap!I122,I$10)))&TEXT(TableExtrap!I122,I$10)&REPT(\" \",$J$11-LEN(TEXT(TableExtrap!J122,J$10)))&TEXT(TableExtrap!J122,J$10)&IF($G$1=1,REPT(\" \",$K$11-LEN(TEXT(TableExtrap!K122,K$10)))&TEXT(TableExtrap!K122,K$10),\"\"))","v":" "}]
[{"$f":"IF(TableExtrap!J123=0,\" \",REPT(\" \",$H$11-LEN(TEXT(TableExtrap!H123,H$10)))&TEXT(TableExtrap!H123,H$10)&REPT(\" \",$I$11-LEN(TEXT(TableExtrap!I123,I$10)))&TEXT(TableExtrap!I123,I$10)&REPT(\" \",$J$11-LEN(TEXT(TableExtrap!J123,J$10)))&TEXT(TableExtrap!J123,J$10)&IF($G$1=1,REPT(\" \",$K$11-LEN(TEXT(TableExtrap!K123,K$10)))&TEXT(TableExtrap!K123,K$10),\"\"))","v":" "}]
[{"$f":"IF(TableExtrap!J124=0,\" \",REPT(\" \",$H$11-LEN(TEXT(TableExtrap!H124,H$10)))&TEXT(TableExtrap!H124,H$10)&REPT(\" \",$I$11-LEN(TEXT(TableExtrap!I124,I$10)))&TEXT(TableExtrap!I124,I$10)&REPT(\" \",$J$11-LEN(TEXT(TableExtrap!J124,J$10)))&TEXT(TableExtrap!J124,J$10)&IF($G$1=1,REPT(\" \",$K$11-LEN(TEXT(TableExtrap!K124,K$10)))&TEXT(TableExtrap!K124,K$10),\"\"))","v":" "}]
[{"$f":"IF(TableExtrap!J125=0,\" \",REPT(\" \",$H$11-LEN(TEXT(TableExtrap!H125,H$10)))&TEXT(TableExtrap!H125,H$10)&REPT(\" \",$I$11-LEN(TEXT(TableExtrap!I125,I$10)))&TEXT(TableExtrap!I125,I$10)&REPT(\" \",$J$11-LEN(TEXT(TableExtrap!J125,J$10)))&TEXT(TableExtrap!J125,J$10)&IF($G$1=1,REPT(\" \",$K$11-LEN(TEXT(TableExtrap!K125,K$10)))&TEXT(TableExtrap!K125,K$10),\"\"))","v":" "}]
[{"$f":"IF(TableExtrap!J126=0,\" \",REPT(\" \",$H$11-LEN(TEXT(TableExtrap!H126,H$10)))&TEXT(TableExtrap!H126,H$10)&REPT(\" \",$I$11-LEN(TEXT(TableExtrap!I126,I$10)))&TEXT(TableExtrap!I126,I$10)&REPT(\" \",$J$11-LEN(TEXT(TableExtrap!J126,J$10)))&TEXT(TableExtrap!J126,J$10)&IF($G$1=1,REPT(\" \",$K$11-LEN(TEXT(TableExtrap!K126,K$10)))&TEXT(TableExtrap!K126,K$10),\"\"))","v":" "}]
[{"$f":"IF(TableExtrap!J127=0,\" \",REPT(\" \",$H$11-LEN(TEXT(TableExtrap!H127,H$10)))&TEXT(TableExtrap!H127,H$10)&REPT(\" \",$I$11-LEN(TEXT(TableExtrap!I127,I$10)))&TEXT(TableExtrap!I127,I$10)&REPT(\" \",$J$11-LEN(TEXT(TableExtrap!J127,J$10)))&TEXT(TableExtrap!J127,J$10)&IF($G$1=1,REPT(\" \",$K$11-LEN(TEXT(TableExtrap!K127,K$10)))&TEXT(TableExtrap!K127,K$10),\"\"))","v":" "}]
[{"$f":"IF(TableExtrap!J128=0,\" \",REPT(\" \",$H$11-LEN(TEXT(TableExtrap!H128,H$10)))&TEXT(TableExtrap!H128,H$10)&REPT(\" \",$I$11-LEN(TEXT(TableExtrap!I128,I$10)))&TEXT(TableExtrap!I128,I$10)&REPT(\" \",$J$11-LEN(TEXT(TableExtrap!J128,J$10)))&TEXT(TableExtrap!J128,J$10)&IF($G$1=1,REPT(\" \",$K$11-LEN(TEXT(TableExtrap!K128,K$10)))&TEXT(TableExtrap!K128,K$10),\"\"))","v":" "}]
[{"$f":"IF(TableExtrap!J129=0,\" \",REPT(\" \",$H$11-LEN(TEXT(TableExtrap!H129,H$10)))&TEXT(TableExtrap!H129,H$10)&REPT(\" \",$I$11-LEN(TEXT(TableExtrap!I129,I$10)))&TEXT(TableExtrap!I129,I$10)&REPT(\" \",$J$11-LEN(TEXT(TableExtrap!J129,J$10)))&TEXT(TableExtrap!J129,J$10)&IF($G$1=1,REPT(\" \",$K$11-LEN(TEXT(TableExtrap!K129,K$10)))&TEXT(TableExtrap!K129,K$10),\"\"))","v":" "}]
[{"$f":"IF(TableExtrap!J130=0,\" \",REPT(\" \",$H$11-LEN(TEXT(TableExtrap!H130,H$10)))&TEXT(TableExtrap!H130,H$10)&REPT(\" \",$I$11-LEN(TEXT(TableExtrap!I130,I$10)))&TEXT(TableExtrap!I130,I$10)&REPT(\" \",$J$11-LEN(TEXT(TableExtrap!J130,J$10)))&TEXT(TableExtrap!J130,J$10)&IF($G$1=1,REPT(\" \",$K$11-LEN(TEXT(TableExtrap!K130,K$10)))&TEXT(TableExtrap!K130,K$10),\"\"))","v":" "}]
[{"$f":"IF(TableExtrap!J131=0,\" \",REPT(\" \",$H$11-LEN(TEXT(TableExtrap!H131,H$10)))&TEXT(TableExtrap!H131,H$10)&REPT(\" \",$I$11-LEN(TEXT(TableExtrap!I131,I$10)))&TEXT(TableExtrap!I131,I$10)&REPT(\" \",$J$11-LEN(TEXT(TableExtrap!J131,J$10)))&TEXT(TableExtrap!J131,J$10)&IF($G$1=1,REPT(\" \",$K$11-LEN(TEXT(TableExtrap!K131,K$10)))&TEXT(TableExtrap!K131,K$10),\"\"))","v":" "}]
[{"$f":"IF(TableExtrap!J132=0,\" \",REPT(\" \",$H$11-LEN(TEXT(TableExtrap!H132,H$10)))&TEXT(TableExtrap!H132,H$10)&REPT(\" \",$I$11-LEN(TEXT(TableExtrap!I132,I$10)))&TEXT(TableExtrap!I132,I$10)&REPT(\" \",$J$11-LEN(TEXT(TableExtrap!J132,J$10)))&TEXT(TableExtrap!J132,J$10)&IF($G$1=1,REPT(\" \",$K$11-LEN(TEXT(TableExtrap!K132,K$10)))&TEXT(TableExtrap!K132,K$10),\"\"))","v":" "}]
[{"$f":"IF(TableExtrap!J133=0,\" \",REPT(\" \",$H$11-LEN(TEXT(TableExtrap!H133,H$10)))&TEXT(TableExtrap!H133,H$10)&REPT(\" \",$I$11-LEN(TEXT(TableExtrap!I133,I$10)))&TEXT(TableExtrap!I133,I$10)&REPT(\" \",$J$11-LEN(TEXT(TableExtrap!J133,J$10)))&TEXT(TableExtrap!J133,J$10)&IF($G$1=1,REPT(\" \",$K$11-LEN(TEXT(TableExtrap!K133,K$10)))&TEXT(TableExtrap!K133,K$10),\"\"))","v":" "}]
[{"$f":"IF(TableExtrap!J134=0,\" \",REPT(\" \",$H$11-LEN(TEXT(TableExtrap!H134,H$10)))&TEXT(TableExtrap!H134,H$10)&REPT(\" \",$I$11-LEN(TEXT(TableExtrap!I134,I$10)))&TEXT(TableExtrap!I134,I$10)&REPT(\" \",$J$11-LEN(TEXT(TableExtrap!J134,J$10)))&TEXT(TableExtrap!J134,J$10)&IF($G$1=1,REPT(\" \",$K$11-LEN(TEXT(TableExtrap!K134,K$10)))&TEXT(TableExtrap!K134,K$10),\"\"))","v":" "}]
[{"$f":"IF(TableExtrap!J135=0,\" \",REPT(\" \",$H$11-LEN(TEXT(TableExtrap!H135,H$10)))&TEXT(TableExtrap!H135,H$10)&REPT(\" \",$I$11-LEN(TEXT(TableExtrap!I135,I$10)))&TEXT(TableExtrap!I135,I$10)&REPT(\" \",$J$11-LEN(TEXT(TableExtrap!J135,J$10)))&TEXT(TableExtrap!J135,J$10)&IF($G$1=1,REPT(\" \",$K$11-LEN(TEXT(TableExtrap!K135,K$10)))&TEXT(TableExtrap!K135,K$10),\"\"))","v":" "}]
[{"$f":"IF(TableExtrap!J136=0,\" \",REPT(\" \",$H$11-LEN(TEXT(TableExtrap!H136,H$10)))&TEXT(TableExtrap!H136,H$10)&REPT(\" \",$I$11-LEN(TEXT(TableExtrap!I136,I$10)))&TEXT(TableExtrap!I136,I$10)&REPT(\" \",$J$11-LEN(TEXT(TableExtrap!J136,J$10)))&TEXT(TableExtrap!J136,J$10)&IF($G$1=1,REPT(\" \",$K$11-LEN(TEXT(TableExtrap!K136,K$10)))&TEXT(TableExtrap!K136,K$10),\"\"))","v":" "}]
[{"$f":"IF(TableExtrap!J137=0,\" \",REPT(\" \",$H$11-LEN(TEXT(TableExtrap!H137,H$10)))&TEXT(TableExtrap!H137,H$10)&REPT(\" \",$I$11-LEN(TEXT(TableExtrap!I137,I$10)))&TEXT(TableExtrap!I137,I$10)&REPT(\" \",$J$11-LEN(TEXT(TableExtrap!J137,J$10)))&TEXT(TableExtrap!J137,J$10)&IF($G$1=1,REPT(\" \",$K$11-LEN(TEXT(TableExtrap!K137,K$10)))&TEXT(TableExtrap!K137,K$10),\"\"))","v":" "}]
[{"$f":"IF(TableExtrap!J138=0,\" \",REPT(\" \",$H$11-LEN(TEXT(TableExtrap!H138,H$10)))&TEXT(TableExtrap!H138,H$10)&REPT(\" \",$I$11-LEN(TEXT(TableExtrap!I138,I$10)))&TEXT(TableExtrap!I138,I$10)&REPT(\" \",$J$11-LEN(TEXT(TableExtrap!J138,J$10)))&TEXT(TableExtrap!J138,J$10)&IF($G$1=1,REPT(\" \",$K$11-LEN(TEXT(TableExtrap!K138,K$10)))&TEXT(TableExtrap!K138,K$10),\"\"))","v":" "}]
[{"$f":"IF(TableExtrap!J139=0,\" \",REPT(\" \",$H$11-LEN(TEXT(TableExtrap!H139,H$10)))&TEXT(TableExtrap!H139,H$10)&REPT(\" \",$I$11-LEN(TEXT(TableExtrap!I139,I$10)))&TEXT(TableExtrap!I139,I$10)&REPT(\" \",$J$11-LEN(TEXT(TableExtrap!J139,J$10)))&TEXT(TableExtrap!J139,J$10)&IF($G$1=1,REPT(\" \",$K$11-LEN(TEXT(TableExtrap!K139,K$10)))&TEXT(TableExtrap!K139,K$10),\"\"))","v":" "}]
[{"$f":"IF(TableExtrap!J140=0,\" \",REPT(\" \",$H$11-LEN(TEXT(TableExtrap!H140,H$10)))&TEXT(TableExtrap!H140,H$10)&REPT(\" \",$I$11-LEN(TEXT(TableExtrap!I140,I$10)))&TEXT(TableExtrap!I140,I$10)&REPT(\" \",$J$11-LEN(TEXT(TableExtrap!J140,J$10)))&TEXT(TableExtrap!J140,J$10)&IF($G$1=1,REPT(\" \",$K$11-LEN(TEXT(TableExtrap!K140,K$10)))&TEXT(TableExtrap!K140,K$10),\"\"))","v":" "}]
[{"$f":"IF(TableExtrap!J141=0,\" \",REPT(\" \",$H$11-LEN(TEXT(TableExtrap!H141,H$10)))&TEXT(TableExtrap!H141,H$10)&REPT(\" \",$I$11-LEN(TEXT(TableExtrap!I141,I$10)))&TEXT(TableExtrap!I141,I$10)&REPT(\" \",$J$11-LEN(TEXT(TableExtrap!J141,J$10)))&TEXT(TableExtrap!J141,J$10)&IF($G$1=1,REPT(\" \",$K$11-LEN(TEXT(TableExtrap!K141,K$10)))&TEXT(TableExtrap!K141,K$10),\"\"))","v":" "}]
[{"$f":"IF(TableExtrap!J142=0,\" \",REPT(\" \",$H$11-LEN(TEXT(TableExtrap!H142,H$10)))&TEXT(TableExtrap!H142,H$10)&REPT(\" \",$I$11-LEN(TEXT(TableExtrap!I142,I$10)))&TEXT(TableExtrap!I142,I$10)&REPT(\" \",$J$11-LEN(TEXT(TableExtrap!J142,J$10)))&TEXT(TableExtrap!J142,J$10)&IF($G$1=1,REPT(\" \",$K$11-LEN(TEXT(TableExtrap!K142,K$10)))&TEXT(TableExtrap!K142,K$10),\"\"))","v":" "}]
[{"$f":"IF(TableExtrap!J143=0,\" \",REPT(\" \",$H$11-LEN(TEXT(TableExtrap!H143,H$10)))&TEXT(TableExtrap!H143,H$10)&REPT(\" \",$I$11-LEN(TEXT(TableExtrap!I143,I$10)))&TEXT(TableExtrap!I143,I$10)&REPT(\" \",$J$11-LEN(TEXT(TableExtrap!J143,J$10)))&TEXT(TableExtrap!J143,J$10)&IF($G$1=1,REPT(\" \",$K$11-LEN(TEXT(TableExtrap!K143,K$10)))&TEXT(TableExtrap!K143,K$10),\"\"))","v":" "}]
[{"$f":"IF(TableExtrap!J144=0,\" \",REPT(\" \",$H$11-LEN(TEXT(TableExtrap!H144,H$10)))&TEXT(TableExtrap!H144,H$10)&REPT(\" \",$I$11-LEN(TEXT(TableExtrap!I144,I$10)))&TEXT(TableExtrap!I144,I$10)&REPT(\" \",$J$11-LEN(TEXT(TableExtrap!J144,J$10)))&TEXT(TableExtrap!J144,J$10)&IF($G$1=1,REPT(\" \",$K$11-LEN(TEXT(TableExtrap!K144,K$10)))&TEXT(TableExtrap!K144,K$10),\"\"))","v":" "}]
[{"$f":"IF(TableExtrap!J145=0,\" \",REPT(\" \",$H$11-LEN(TEXT(TableExtrap!H145,H$10)))&TEXT(TableExtrap!H145,H$10)&REPT(\" \",$I$11-LEN(TEXT(TableExtrap!I145,I$10)))&TEXT(TableExtrap!I145,I$10)&REPT(\" \",$J$11-LEN(TEXT(TableExtrap!J145,J$10)))&TEXT(TableExtrap!J145,J$10)&IF($G$1=1,REPT(\" \",$K$11-LEN(TEXT(TableExtrap!K145,K$10)))&TEXT(TableExtrap!K145,K$10),\"\"))","v":" "}]
[{"$f":"IF(TableExtrap!J146=0,\" \",REPT(\" \",$H$11-LEN(TEXT(TableExtrap!H146,H$10)))&TEXT(TableExtrap!H146,H$10)&REPT(\" \",$I$11-LEN(TEXT(TableExtrap!I146,I$10)))&TEXT(TableExtrap!I146,I$10)&REPT(\" \",$J$11-LEN(TEXT(TableExtrap!J146,J$10)))&TEXT(TableExtrap!J146,J$10)&IF($G$1=1,REPT(\" \",$K$11-LEN(TEXT(TableExtrap!K146,K$10)))&TEXT(TableExtrap!K146,K$10),\"\"))","v":" "}]
[{"$f":"IF(TableExtrap!J147=0,\" \",REPT(\" \",$H$11-LEN(TEXT(TableExtrap!H147,H$10)))&TEXT(TableExtrap!H147,H$10)&REPT(\" \",$I$11-LEN(TEXT(TableExtrap!I147,I$10)))&TEXT(TableExtrap!I147,I$10)&REPT(\" \",$J$11-LEN(TEXT(TableExtrap!J147,J$10)))&TEXT(TableExtrap!J147,J$10)&IF($G$1=1,REPT(\" \",$K$11-LEN(TEXT(TableExtrap!K147,K$10)))&TEXT(TableExtrap!K147,K$10),\"\"))","v":" "}]
[{"$f":"IF(TableExtrap!J148=0,\" \",REPT(\" \",$H$11-LEN(TEXT(TableExtrap!H148,H$10)))&TEXT(TableExtrap!H148,H$10)&REPT(\" \",$I$11-LEN(TEXT(TableExtrap!I148,I$10)))&TEXT(TableExtrap!I148,I$10)&REPT(\" \",$J$11-LEN(TEXT(TableExtrap!J148,J$10)))&TEXT(TableExtrap!J148,J$10)&IF($G$1=1,REPT(\" \",$K$11-LEN(TEXT(TableExtrap!K148,K$10)))&TEXT(TableExtrap!K148,K$10),\"\"))","v":" "}]
[{"$f":"IF(TableExtrap!J149=0,\" \",REPT(\" \",$H$11-LEN(TEXT(TableExtrap!H149,H$10)))&TEXT(TableExtrap!H149,H$10)&REPT(\" \",$I$11-LEN(TEXT(TableExtrap!I149,I$10)))&TEXT(TableExtrap!I149,I$10)&REPT(\" \",$J$11-LEN(TEXT(TableExtrap!J149,J$10)))&TEXT(TableExtrap!J149,J$10)&IF($G$1=1,REPT(\" \",$K$11-LEN(TEXT(TableExtrap!K149,K$10)))&TEXT(TableExtrap!K149,K$10),\"\"))","v":" "}]
[{"$f":"IF(TableExtrap!J150=0,\" \",REPT(\" \",$H$11-LEN(TEXT(TableExtrap!H150,H$10)))&TEXT(TableExtrap!H150,H$10)&REPT(\" \",$I$11-LEN(TEXT(TableExtrap!I150,I$10)))&TEXT(TableExtrap!I150,I$10)&REPT(\" \",$J$11-LEN(TEXT(TableExtrap!J150,J$10)))&TEXT(TableExtrap!J150,J$10)&IF($G$1=1,REPT(\" \",$K$11-LEN(TEXT(TableExtrap!K150,K$10)))&TEXT(TableExtrap!K150,K$10),\"\"))","v":" "}]
[{"$f":"IF(TableExtrap!J151=0,\" \",REPT(\" \",$H$11-LEN(TEXT(TableExtrap!H151,H$10)))&TEXT(TableExtrap!H151,H$10)&REPT(\" \",$I$11-LEN(TEXT(TableExtrap!I151,I$10)))&TEXT(TableExtrap!I151,I$10)&REPT(\" \",$J$11-LEN(TEXT(TableExtrap!J151,J$10)))&TEXT(TableExtrap!J151,J$10)&IF($G$1=1,REPT(\" \",$K$11-LEN(TEXT(TableExtrap!K151,K$10)))&TEXT(TableExtrap!K151,K$10),\"\"))","v":" "}]
[{"$f":"IF(TableExtrap!J152=0,\" \",REPT(\" \",$H$11-LEN(TEXT(TableExtrap!H152,H$10)))&TEXT(TableExtrap!H152,H$10)&REPT(\" \",$I$11-LEN(TEXT(TableExtrap!I152,I$10)))&TEXT(TableExtrap!I152,I$10)&REPT(\" \",$J$11-LEN(TEXT(TableExtrap!J152,J$10)))&TEXT(TableExtrap!J152,J$10)&IF($G$1=1,REPT(\" \",$K$11-LEN(TEXT(TableExtrap!K152,K$10)))&TEXT(TableExtrap!K152,K$10),\"\"))","v":" "}]
[{"$f":"IF(TableExtrap!J153=0,\" \",REPT(\" \",$H$11-LEN(TEXT(TableExtrap!H153,H$10)))&TEXT(TableExtrap!H153,H$10)&REPT(\" \",$I$11-LEN(TEXT(TableExtrap!I153,I$10)))&TEXT(TableExtrap!I153,I$10)&REPT(\" \",$J$11-LEN(TEXT(TableExtrap!J153,J$10)))&TEXT(TableExtrap!J153,J$10)&IF($G$1=1,REPT(\" \",$K$11-LEN(TEXT(TableExtrap!K153,K$10)))&TEXT(TableExtrap!K153,K$10),\"\"))","v":" "}]
[{"$f":"IF(TableExtrap!J154=0,\" \",REPT(\" \",$H$11-LEN(TEXT(TableExtrap!H154,H$10)))&TEXT(TableExtrap!H154,H$10)&REPT(\" \",$I$11-LEN(TEXT(TableExtrap!I154,I$10)))&TEXT(TableExtrap!I154,I$10)&REPT(\" \",$J$11-LEN(TEXT(TableExtrap!J154,J$10)))&TEXT(TableExtrap!J154,J$10)&IF($G$1=1,REPT(\" \",$K$11-LEN(TEXT(TableExtrap!K154,K$10)))&TEXT(TableExtrap!K154,K$10),\"\"))","v":" "}]
[{"$f":"IF(TableExtrap!J155=0,\" \",REPT(\" \",$H$11-LEN(TEXT(TableExtrap!H155,H$10)))&TEXT(TableExtrap!H155,H$10)&REPT(\" \",$I$11-LEN(TEXT(TableExtrap!I155,I$10)))&TEXT(TableExtrap!I155,I$10)&REPT(\" \",$J$11-LEN(TEXT(TableExtrap!J155,J$10)))&TEXT(TableExtrap!J155,J$10)&IF($G$1=1,REPT(\" \",$K$11-LEN(TEXT(TableExtrap!K155,K$10)))&TEXT(TableExtrap!K155,K$10),\"\"))","v":" "}]
[{"$f":"IF(TableExtrap!J156=0,\" \",REPT(\" \",$H$11-LEN(TEXT(TableExtrap!H156,H$10)))&TEXT(TableExtrap!H156,H$10)&REPT(\" \",$I$11-LEN(TEXT(TableExtrap!I156,I$10)))&TEXT(TableExtrap!I156,I$10)&REPT(\" \",$J$11-LEN(TEXT(TableExtrap!J156,J$10)))&TEXT(TableExtrap!J156,J$10)&IF($G$1=1,REPT(\" \",$K$11-LEN(TEXT(TableExtrap!K156,K$10)))&TEXT(TableExtrap!K156,K$10),\"\"))","v":" "}]
[{"$f":"IF(TableExtrap!J157=0,\" \",REPT(\" \",$H$11-LEN(TEXT(TableExtrap!H157,H$10)))&TEXT(TableExtrap!H157,H$10)&REPT(\" \",$I$11-LEN(TEXT(TableExtrap!I157,I$10)))&TEXT(TableExtrap!I157,I$10)&REPT(\" \",$J$11-LEN(TEXT(TableExtrap!J157,J$10)))&TEXT(TableExtrap!J157,J$10)&IF($G$1=1,REPT(\" \",$K$11-LEN(TEXT(TableExtrap!K157,K$10)))&TEXT(TableExtrap!K157,K$10),\"\"))","v":" "}]
[{"$f":"IF(TableExtrap!J158=0,\" \",REPT(\" \",$H$11-LEN(TEXT(TableExtrap!H158,H$10)))&TEXT(TableExtrap!H158,H$10)&REPT(\" \",$I$11-LEN(TEXT(TableExtrap!I158,I$10)))&TEXT(TableExtrap!I158,I$10)&REPT(\" \",$J$11-LEN(TEXT(TableExtrap!J158,J$10)))&TEXT(TableExtrap!J158,J$10)&IF($G$1=1,REPT(\" \",$K$11-LEN(TEXT(TableExtrap!K158,K$10)))&TEXT(TableExtrap!K158,K$10),\"\"))","v":" "}]
[{"$f":"IF(TableExtrap!J159=0,\" \",REPT(\" \",$H$11-LEN(TEXT(TableExtrap!H159,H$10)))&TEXT(TableExtrap!H159,H$10)&REPT(\" \",$I$11-LEN(TEXT(TableExtrap!I159,I$10)))&TEXT(TableExtrap!I159,I$10)&REPT(\" \",$J$11-LEN(TEXT(TableExtrap!J159,J$10)))&TEXT(TableExtrap!J159,J$10)&IF($G$1=1,REPT(\" \",$K$11-LEN(TEXT(TableExtrap!K159,K$10)))&TEXT(TableExtrap!K159,K$10),\"\"))","v":" "}]
[{"$f":"IF(TableExtrap!J160=0,\" \",REPT(\" \",$H$11-LEN(TEXT(TableExtrap!H160,H$10)))&TEXT(TableExtrap!H160,H$10)&REPT(\" \",$I$11-LEN(TEXT(TableExtrap!I160,I$10)))&TEXT(TableExtrap!I160,I$10)&REPT(\" \",$J$11-LEN(TEXT(TableExtrap!J160,J$10)))&TEXT(TableExtrap!J160,J$10)&IF($G$1=1,REPT(\" \",$K$11-LEN(TEXT(TableExtrap!K160,K$10)))&TEXT(TableExtrap!K160,K$10),\"\"))","v":" "}]
[{"$f":"IF(TableExtrap!J161=0,\" \",REPT(\" \",$H$11-LEN(TEXT(TableExtrap!H161,H$10)))&TEXT(TableExtrap!H161,H$10)&REPT(\" \",$I$11-LEN(TEXT(TableExtrap!I161,I$10)))&TEXT(TableExtrap!I161,I$10)&REPT(\" \",$J$11-LEN(TEXT(TableExtrap!J161,J$10)))&TEXT(TableExtrap!J161,J$10)&IF($G$1=1,REPT(\" \",$K$11-LEN(TEXT(TableExtrap!K161,K$10)))&TEXT(TableExtrap!K161,K$10),\"\"))","v":" "}]
[{"$f":"IF(TableExtrap!J162=0,\" \",REPT(\" \",$H$11-LEN(TEXT(TableExtrap!H162,H$10)))&TEXT(TableExtrap!H162,H$10)&REPT(\" \",$I$11-LEN(TEXT(TableExtrap!I162,I$10)))&TEXT(TableExtrap!I162,I$10)&REPT(\" \",$J$11-LEN(TEXT(TableExtrap!J162,J$10)))&TEXT(TableExtrap!J162,J$10)&IF($G$1=1,REPT(\" \",$K$11-LEN(TEXT(TableExtrap!K162,K$10)))&TEXT(TableExtrap!K162,K$10),\"\"))","v":" "}]
[{"$f":"IF(TableExtrap!J163=0,\" \",REPT(\" \",$H$11-LEN(TEXT(TableExtrap!H163,H$10)))&TEXT(TableExtrap!H163,H$10)&REPT(\" \",$I$11-LEN(TEXT(TableExtrap!I163,I$10)))&TEXT(TableExtrap!I163,I$10)&REPT(\" \",$J$11-LEN(TEXT(TableExtrap!J163,J$10)))&TEXT(TableExtrap!J163,J$10)&IF($G$1=1,REPT(\" \",$K$11-LEN(TEXT(TableExtrap!K163,K$10)))&TEXT(TableExtrap!K163,K$10),\"\"))","v":" "}]
[{"$f":"IF(TableExtrap!J164=0,\" \",REPT(\" \",$H$11-LEN(TEXT(TableExtrap!H164,H$10)))&TEXT(TableExtrap!H164,H$10)&REPT(\" \",$I$11-LEN(TEXT(TableExtrap!I164,I$10)))&TEXT(TableExtrap!I164,I$10)&REPT(\" \",$J$11-LEN(TEXT(TableExtrap!J164,J$10)))&TEXT(TableExtrap!J164,J$10)&IF($G$1=1,REPT(\" \",$K$11-LEN(TEXT(TableExtrap!K164,K$10)))&TEXT(TableExtrap!K164,K$10),\"\"))","v":" "}]
[{"$f":"IF(TableExtrap!J165=0,\" \",REPT(\" \",$H$11-LEN(TEXT(TableExtrap!H165,H$10)))&TEXT(TableExtrap!H165,H$10)&REPT(\" \",$I$11-LEN(TEXT(TableExtrap!I165,I$10)))&TEXT(TableExtrap!I165,I$10)&REPT(\" \",$J$11-LEN(TEXT(TableExtrap!J165,J$10)))&TEXT(TableExtrap!J165,J$10)&IF($G$1=1,REPT(\" \",$K$11-LEN(TEXT(TableExtrap!K165,K$10)))&TEXT(TableExtrap!K165,K$10),\"\"))","v":" "}]
[{"$f":"IF(TableExtrap!J166=0,\" \",REPT(\" \",$H$11-LEN(TEXT(TableExtrap!H166,H$10)))&TEXT(TableExtrap!H166,H$10)&REPT(\" \",$I$11-LEN(TEXT(TableExtrap!I166,I$10)))&TEXT(TableExtrap!I166,I$10)&REPT(\" \",$J$11-LEN(TEXT(TableExtrap!J166,J$10)))&TEXT(TableExtrap!J166,J$10)&IF($G$1=1,REPT(\" \",$K$11-LEN(TEXT(TableExtrap!K166,K$10)))&TEXT(TableExtrap!K166,K$10),\"\"))","v":" "}]
[{"$f":"IF(TableExtrap!J167=0,\" \",REPT(\" \",$H$11-LEN(TEXT(TableExtrap!H167,H$10)))&TEXT(TableExtrap!H167,H$10)&REPT(\" \",$I$11-LEN(TEXT(TableExtrap!I167,I$10)))&TEXT(TableExtrap!I167,I$10)&REPT(\" \",$J$11-LEN(TEXT(TableExtrap!J167,J$10)))&TEXT(TableExtrap!J167,J$10)&IF($G$1=1,REPT(\" \",$K$11-LEN(TEXT(TableExtrap!K167,K$10)))&TEXT(TableExtrap!K167,K$10),\"\"))","v":" "}]
[{"$f":"IF(TableExtrap!J168=0,\" \",REPT(\" \",$H$11-LEN(TEXT(TableExtrap!H168,H$10)))&TEXT(TableExtrap!H168,H$10)&REPT(\" \",$I$11-LEN(TEXT(TableExtrap!I168,I$10)))&TEXT(TableExtrap!I168,I$10)&REPT(\" \",$J$11-LEN(TEXT(TableExtrap!J168,J$10)))&TEXT(TableExtrap!J168,J$10)&IF($G$1=1,REPT(\" \",$K$11-LEN(TEXT(TableExtrap!K168,K$10)))&TEXT(TableExtrap!K168,K$10),\"\"))","v":" "}]
[{"$f":"IF(TableExtrap!J169=0,\" \",REPT(\" \",$H$11-LEN(TEXT(TableExtrap!H169,H$10)))&TEXT(TableExtrap!H169,H$10)&REPT(\" \",$I$11-LEN(TEXT(TableExtrap!I169,I$10)))&TEXT(TableExtrap!I169,I$10)&REPT(\" \",$J$11-LEN(TEXT(TableExtrap!J169,J$10)))&TEXT(TableExtrap!J169,J$10)&IF($G$1=1,REPT(\" \",$K$11-LEN(TEXT(TableExtrap!K169,K$10)))&TEXT(TableExtrap!K169,K$10),\"\"))","v":" "}]
[{"$f":"IF(TableExtrap!J170=0,\" \",REPT(\" \",$H$11-LEN(TEXT(TableExtrap!H170,H$10)))&TEXT(TableExtrap!H170,H$10)&REPT(\" \",$I$11-LEN(TEXT(TableExtrap!I170,I$10)))&TEXT(TableExtrap!I170,I$10)&REPT(\" \",$J$11-LEN(TEXT(TableExtrap!J170,J$10)))&TEXT(TableExtrap!J170,J$10)&IF($G$1=1,REPT(\" \",$K$11-LEN(TEXT(TableExtrap!K170,K$10)))&TEXT(TableExtrap!K170,K$10),\"\"))","v":" "}]
[{"$f":"IF(TableExtrap!J171=0,\" \",REPT(\" \",$H$11-LEN(TEXT(TableExtrap!H171,H$10)))&TEXT(TableExtrap!H171,H$10)&REPT(\" \",$I$11-LEN(TEXT(TableExtrap!I171,I$10)))&TEXT(TableExtrap!I171,I$10)&REPT(\" \",$J$11-LEN(TEXT(TableExtrap!J171,J$10)))&TEXT(TableExtrap!J171,J$10)&IF($G$1=1,REPT(\" \",$K$11-LEN(TEXT(TableExtrap!K171,K$10)))&TEXT(TableExtrap!K171,K$10),\"\"))","v":" "}]
[{"$f":"IF(TableExtrap!J172=0,\" \",REPT(\" \",$H$11-LEN(TEXT(TableExtrap!H172,H$10)))&TEXT(TableExtrap!H172,H$10)&REPT(\" \",$I$11-LEN(TEXT(TableExtrap!I172,I$10)))&TEXT(TableExtrap!I172,I$10)&REPT(\" \",$J$11-LEN(TEXT(TableExtrap!J172,J$10)))&TEXT(TableExtrap!J172,J$10)&IF($G$1=1,REPT(\" \",$K$11-LEN(TEXT(TableExtrap!K172,K$10)))&TEXT(TableExtrap!K172,K$10),\"\"))","v":" "}]
[{"$f":"IF(TableExtrap!J173=0,\" \",REPT(\" \",$H$11-LEN(TEXT(TableExtrap!H173,H$10)))&TEXT(TableExtrap!H173,H$10)&REPT(\" \",$I$11-LEN(TEXT(TableExtrap!I173,I$10)))&TEXT(TableExtrap!I173,I$10)&REPT(\" \",$J$11-LEN(TEXT(TableExtrap!J173,J$10)))&TEXT(TableExtrap!J173,J$10)&IF($G$1=1,REPT(\" \",$K$11-LEN(TEXT(TableExtrap!K173,K$10)))&TEXT(TableExtrap!K173,K$10),\"\"))","v":" "}]
[{"$f":"IF(TableExtrap!J174=0,\" \",REPT(\" \",$H$11-LEN(TEXT(TableExtrap!H174,H$10)))&TEXT(TableExtrap!H174,H$10)&REPT(\" \",$I$11-LEN(TEXT(TableExtrap!I174,I$10)))&TEXT(TableExtrap!I174,I$10)&REPT(\" \",$J$11-LEN(TEXT(TableExtrap!J174,J$10)))&TEXT(TableExtrap!J174,J$10)&IF($G$1=1,REPT(\" \",$K$11-LEN(TEXT(TableExtrap!K174,K$10)))&TEXT(TableExtrap!K174,K$10),\"\"))","v":" "}]
[{"$f":"IF(TableExtrap!J175=0,\" \",REPT(\" \",$H$11-LEN(TEXT(TableExtrap!H175,H$10)))&TEXT(TableExtrap!H175,H$10)&REPT(\" \",$I$11-LEN(TEXT(TableExtrap!I175,I$10)))&TEXT(TableExtrap!I175,I$10)&REPT(\" \",$J$11-LEN(TEXT(TableExtrap!J175,J$10)))&TEXT(TableExtrap!J175,J$10)&IF($G$1=1,REPT(\" \",$K$11-LEN(TEXT(TableExtrap!K175,K$10)))&TEXT(TableExtrap!K175,K$10),\"\"))","v":" "}]
[{"$f":"IF(TableExtrap!J176=0,\" \",REPT(\" \",$H$11-LEN(TEXT(TableExtrap!H176,H$10)))&TEXT(TableExtrap!H176,H$10)&REPT(\" \",$I$11-LEN(TEXT(TableExtrap!I176,I$10)))&TEXT(TableExtrap!I176,I$10)&REPT(\" \",$J$11-LEN(TEXT(TableExtrap!J176,J$10)))&TEXT(TableExtrap!J176,J$10)&IF($G$1=1,REPT(\" \",$K$11-LEN(TEXT(TableExtrap!K176,K$10)))&TEXT(TableExtrap!K176,K$10),\"\"))","v":" "}]
[{"$f":"IF(TableExtrap!J177=0,\" \",REPT(\" \",$H$11-LEN(TEXT(TableExtrap!H177,H$10)))&TEXT(TableExtrap!H177,H$10)&REPT(\" \",$I$11-LEN(TEXT(TableExtrap!I177,I$10)))&TEXT(TableExtrap!I177,I$10)&REPT(\" \",$J$11-LEN(TEXT(TableExtrap!J177,J$10)))&TEXT(TableExtrap!J177,J$10)&IF($G$1=1,REPT(\" \",$K$11-LEN(TEXT(TableExtrap!K177,K$10)))&TEXT(TableExtrap!K177,K$10),\"\"))","v":" "}]
[{"$f":"IF(TableExtrap!J178=0,\" \",REPT(\" \",$H$11-LEN(TEXT(TableExtrap!H178,H$10)))&TEXT(TableExtrap!H178,H$10)&REPT(\" \",$I$11-LEN(TEXT(TableExtrap!I178,I$10)))&TEXT(TableExtrap!I178,I$10)&REPT(\" \",$J$11-LEN(TEXT(TableExtrap!J178,J$10)))&TEXT(TableExtrap!J178,J$10)&IF($G$1=1,REPT(\" \",$K$11-LEN(TEXT(TableExtrap!K178,K$10)))&TEXT(TableExtrap!K178,K$10),\"\"))","v":" "}]
[{"$f":"IF(TableExtrap!J179=0,\" \",REPT(\" \",$H$11-LEN(TEXT(TableExtrap!H179,H$10)))&TEXT(TableExtrap!H179,H$10)&REPT(\" \",$I$11-LEN(TEXT(TableExtrap!I179,I$10)))&TEXT(TableExtrap!I179,I$10)&REPT(\" \",$J$11-LEN(TEXT(TableExtrap!J179,J$10)))&TEXT(TableExtrap!J179,J$10)&IF($G$1=1,REPT(\" \",$K$11-LEN(TEXT(TableExtrap!K179,K$10)))&TEXT(TableExtrap!K179,K$10),\"\"))","v":" "}]
[{"$f":"IF(TableExtrap!J180=0,\" \",REPT(\" \",$H$11-LEN(TEXT(TableExtrap!H180,H$10)))&TEXT(TableExtrap!H180,H$10)&REPT(\" \",$I$11-LEN(TEXT(TableExtrap!I180,I$10)))&TEXT(TableExtrap!I180,I$10)&REPT(\" \",$J$11-LEN(TEXT(TableExtrap!J180,J$10)))&TEXT(TableExtrap!J180,J$10)&IF($G$1=1,REPT(\" \",$K$11-LEN(TEXT(TableExtrap!K180,K$10)))&TEXT(TableExtrap!K180,K$10),\"\"))","v":" "}]
[{"$f":"IF(TableExtrap!J181=0,\" \",REPT(\" \",$H$11-LEN(TEXT(TableExtrap!H181,H$10)))&TEXT(TableExtrap!H181,H$10)&REPT(\" \",$I$11-LEN(TEXT(TableExtrap!I181,I$10)))&TEXT(TableExtrap!I181,I$10)&REPT(\" \",$J$11-LEN(TEXT(TableExtrap!J181,J$10)))&TEXT(TableExtrap!J181,J$10)&IF($G$1=1,REPT(\" \",$K$11-LEN(TEXT(TableExtrap!K181,K$10)))&TEXT(TableExtrap!K181,K$10),\"\"))","v":" "}]
[{"$f":"IF(TableExtrap!J182=0,\" \",REPT(\" \",$H$11-LEN(TEXT(TableExtrap!H182,H$10)))&TEXT(TableExtrap!H182,H$10)&REPT(\" \",$I$11-LEN(TEXT(TableExtrap!I182,I$10)))&TEXT(TableExtrap!I182,I$10)&REPT(\" \",$J$11-LEN(TEXT(TableExtrap!J182,J$10)))&TEXT(TableExtrap!J182,J$10)&IF($G$1=1,REPT(\" \",$K$11-LEN(TEXT(TableExtrap!K182,K$10)))&TEXT(TableExtrap!K182,K$10),\"\"))","v":" "}]
[{"$f":"IF(TableExtrap!J183=0,\" \",REPT(\" \",$H$11-LEN(TEXT(TableExtrap!H183,H$10)))&TEXT(TableExtrap!H183,H$10)&REPT(\" \",$I$11-LEN(TEXT(TableExtrap!I183,I$10)))&TEXT(TableExtrap!I183,I$10)&REPT(\" \",$J$11-LEN(TEXT(TableExtrap!J183,J$10)))&TEXT(TableExtrap!J183,J$10)&IF($G$1=1,REPT(\" \",$K$11-LEN(TEXT(TableExtrap!K183,K$10)))&TEXT(TableExtrap!K183,K$10),\"\"))","v":" "}]
[{"$f":"IF(TableExtrap!J184=0,\" \",REPT(\" \",$H$11-LEN(TEXT(TableExtrap!H184,H$10)))&TEXT(TableExtrap!H184,H$10)&REPT(\" \",$I$11-LEN(TEXT(TableExtrap!I184,I$10)))&TEXT(TableExtrap!I184,I$10)&REPT(\" \",$J$11-LEN(TEXT(TableExtrap!J184,J$10)))&TEXT(TableExtrap!J184,J$10)&IF($G$1=1,REPT(\" \",$K$11-LEN(TEXT(TableExtrap!K184,K$10)))&TEXT(TableExtrap!K184,K$10),\"\"))","v":" "}]
[{"$f":"IF(TableExtrap!J185=0,\" \",REPT(\" \",$H$11-LEN(TEXT(TableExtrap!H185,H$10)))&TEXT(TableExtrap!H185,H$10)&REPT(\" \",$I$11-LEN(TEXT(TableExtrap!I185,I$10)))&TEXT(TableExtrap!I185,I$10)&REPT(\" \",$J$11-LEN(TEXT(TableExtrap!J185,J$10)))&TEXT(TableExtrap!J185,J$10)&IF($G$1=1,REPT(\" \",$K$11-LEN(TEXT(TableExtrap!K185,K$10)))&TEXT(TableExtrap!K185,K$10),\"\"))","v":" "}]
[{"$f":"IF(TableExtrap!J186=0,\" \",REPT(\" \",$H$11-LEN(TEXT(TableExtrap!H186,H$10)))&TEXT(TableExtrap!H186,H$10)&REPT(\" \",$I$11-LEN(TEXT(TableExtrap!I186,I$10)))&TEXT(TableExtrap!I186,I$10)&REPT(\" \",$J$11-LEN(TEXT(TableExtrap!J186,J$10)))&TEXT(TableExtrap!J186,J$10)&IF($G$1=1,REPT(\" \",$K$11-LEN(TEXT(TableExtrap!K186,K$10)))&TEXT(TableExtrap!K186,K$10),\"\"))","v":" "}]
[{"$f":"IF(TableExtrap!J187=0,\" \",REPT(\" \",$H$11-LEN(TEXT(TableExtrap!H187,H$10)))&TEXT(TableExtrap!H187,H$10)&REPT(\" \",$I$11-LEN(TEXT(TableExtrap!I187,I$10)))&TEXT(TableExtrap!I187,I$10)&REPT(\" \",$J$11-LEN(TEXT(TableExtrap!J187,J$10)))&TEXT(TableExtrap!J187,J$10)&IF($G$1=1,REPT(\" \",$K$11-LEN(TEXT(TableExtrap!K187,K$10)))&TEXT(TableExtrap!K187,K$10),\"\"))","v":" "}]
[{"$f":"IF(TableExtrap!J188=0,\" \",REPT(\" \",$H$11-LEN(TEXT(TableExtrap!H188,H$10)))&TEXT(TableExtrap!H188,H$10)&REPT(\" \",$I$11-LEN(TEXT(TableExtrap!I188,I$10)))&TEXT(TableExtrap!I188,I$10)&REPT(\" \",$J$11-LEN(TEXT(TableExtrap!J188,J$10)))&TEXT(TableExtrap!J188,J$10)&IF($G$1=1,REPT(\" \",$K$11-LEN(TEXT(TableExtrap!K188,K$10)))&TEXT(TableExtrap!K188,K$10),\"\"))","v":" "}]
[{"$f":"IF(TableExtrap!J189=0,\" \",REPT(\" \",$H$11-LEN(TEXT(TableExtrap!H189,H$10)))&TEXT(TableExtrap!H189,H$10)&REPT(\" \",$I$11-LEN(TEXT(TableExtrap!I189,I$10)))&TEXT(TableExtrap!I189,I$10)&REPT(\" \",$J$11-LEN(TEXT(TableExtrap!J189,J$10)))&TEXT(TableExtrap!J189,J$10)&IF($G$1=1,REPT(\" \",$K$11-LEN(TEXT(TableExtrap!K189,K$10)))&TEXT(TableExtrap!K189,K$10),\"\"))","v":" "}]
[{"$f":"IF(TableExtrap!J190=0,\" \",REPT(\" \",$H$11-LEN(TEXT(TableExtrap!H190,H$10)))&TEXT(TableExtrap!H190,H$10)&REPT(\" \",$I$11-LEN(TEXT(TableExtrap!I190,I$10)))&TEXT(TableExtrap!I190,I$10)&REPT(\" \",$J$11-LEN(TEXT(TableExtrap!J190,J$10)))&TEXT(TableExtrap!J190,J$10)&IF($G$1=1,REPT(\" \",$K$11-LEN(TEXT(TableExtrap!K190,K$10)))&TEXT(TableExtrap!K190,K$10),\"\"))","v":" "}]
[{"$f":"IF(TableExtrap!J191=0,\" \",REPT(\" \",$H$11-LEN(TEXT(TableExtrap!H191,H$10)))&TEXT(TableExtrap!H191,H$10)&REPT(\" \",$I$11-LEN(TEXT(TableExtrap!I191,I$10)))&TEXT(TableExtrap!I191,I$10)&REPT(\" \",$J$11-LEN(TEXT(TableExtrap!J191,J$10)))&TEXT(TableExtrap!J191,J$10)&IF($G$1=1,REPT(\" \",$K$11-LEN(TEXT(TableExtrap!K191,K$10)))&TEXT(TableExtrap!K191,K$10),\"\"))","v":" "}]
[{"$f":"IF(TableExtrap!J192=0,\" \",REPT(\" \",$H$11-LEN(TEXT(TableExtrap!H192,H$10)))&TEXT(TableExtrap!H192,H$10)&REPT(\" \",$I$11-LEN(TEXT(TableExtrap!I192,I$10)))&TEXT(TableExtrap!I192,I$10)&REPT(\" \",$J$11-LEN(TEXT(TableExtrap!J192,J$10)))&TEXT(TableExtrap!J192,J$10)&IF($G$1=1,REPT(\" \",$K$11-LEN(TEXT(TableExtrap!K192,K$10)))&TEXT(TableExtrap!K192,K$10),\"\"))","v":" "}]
[{"$f":"IF(TableExtrap!J193=0,\" \",REPT(\" \",$H$11-LEN(TEXT(TableExtrap!H193,H$10)))&TEXT(TableExtrap!H193,H$10)&REPT(\" \",$I$11-LEN(TEXT(TableExtrap!I193,I$10)))&TEXT(TableExtrap!I193,I$10)&REPT(\" \",$J$11-LEN(TEXT(TableExtrap!J193,J$10)))&TEXT(TableExtrap!J193,J$10)&IF($G$1=1,REPT(\" \",$K$11-LEN(TEXT(TableExtrap!K193,K$10)))&TEXT(TableExtrap!K193,K$10),\"\"))","v":" "}]
[{"$f":"IF(TableExtrap!J194=0,\" \",REPT(\" \",$H$11-LEN(TEXT(TableExtrap!H194,H$10)))&TEXT(TableExtrap!H194,H$10)&REPT(\" \",$I$11-LEN(TEXT(TableExtrap!I194,I$10)))&TEXT(TableExtrap!I194,I$10)&REPT(\" \",$J$11-LEN(TEXT(TableExtrap!J194,J$10)))&TEXT(TableExtrap!J194,J$10)&IF($G$1=1,REPT(\" \",$K$11-LEN(TEXT(TableExtrap!K194,K$10)))&TEXT(TableExtrap!K194,K$10),\"\"))","v":" "}]
[{"$f":"IF(TableExtrap!J195=0,\" \",REPT(\" \",$H$11-LEN(TEXT(TableExtrap!H195,H$10)))&TEXT(TableExtrap!H195,H$10)&REPT(\" \",$I$11-LEN(TEXT(TableExtrap!I195,I$10)))&TEXT(TableExtrap!I195,I$10)&REPT(\" \",$J$11-LEN(TEXT(TableExtrap!J195,J$10)))&TEXT(TableExtrap!J195,J$10)&IF($G$1=1,REPT(\" \",$K$11-LEN(TEXT(TableExtrap!K195,K$10)))&TEXT(TableExtrap!K195,K$10),\"\"))","v":" "}]
[{"$f":"IF(TableExtrap!J196=0,\" \",REPT(\" \",$H$11-LEN(TEXT(TableExtrap!H196,H$10)))&TEXT(TableExtrap!H196,H$10)&REPT(\" \",$I$11-LEN(TEXT(TableExtrap!I196,I$10)))&TEXT(TableExtrap!I196,I$10)&REPT(\" \",$J$11-LEN(TEXT(TableExtrap!J196,J$10)))&TEXT(TableExtrap!J196,J$10)&IF($G$1=1,REPT(\" \",$K$11-LEN(TEXT(TableExtrap!K196,K$10)))&TEXT(TableExtrap!K196,K$10),\"\"))","v":" "}]
[{"$f":"IF(TableExtrap!J197=0,\" \",REPT(\" \",$H$11-LEN(TEXT(TableExtrap!H197,H$10)))&TEXT(TableExtrap!H197,H$10)&REPT(\" \",$I$11-LEN(TEXT(TableExtrap!I197,I$10)))&TEXT(TableExtrap!I197,I$10)&REPT(\" \",$J$11-LEN(TEXT(TableExtrap!J197,J$10)))&TEXT(TableExtrap!J197,J$10)&IF($G$1=1,REPT(\" \",$K$11-LEN(TEXT(TableExtrap!K197,K$10)))&TEXT(TableExtrap!K197,K$10),\"\"))","v":" "}]
[{"$f":"IF(TableExtrap!J198=0,\" \",REPT(\" \",$H$11-LEN(TEXT(TableExtrap!H198,H$10)))&TEXT(TableExtrap!H198,H$10)&REPT(\" \",$I$11-LEN(TEXT(TableExtrap!I198,I$10)))&TEXT(TableExtrap!I198,I$10)&REPT(\" \",$J$11-LEN(TEXT(TableExtrap!J198,J$10)))&TEXT(TableExtrap!J198,J$10)&IF($G$1=1,REPT(\" \",$K$11-LEN(TEXT(TableExtrap!K198,K$10)))&TEXT(TableExtrap!K198,K$10),\"\"))","v":" "}]
[{"$f":"IF(TableExtrap!J199=0,\" \",REPT(\" \",$H$11-LEN(TEXT(TableExtrap!H199,H$10)))&TEXT(TableExtrap!H199,H$10)&REPT(\" \",$I$11-LEN(TEXT(TableExtrap!I199,I$10)))&TEXT(TableExtrap!I199,I$10)&REPT(\" \",$J$11-LEN(TEXT(TableExtrap!J199,J$10)))&TEXT(TableExtrap!J199,J$10)&IF($G$1=1,REPT(\" \",$K$11-LEN(TEXT(TableExtrap!K199,K$10)))&TEXT(TableExtrap!K199,K$10),\"\"))","v":" "}]
[{"$f":"IF(TableExtrap!J200=0,\" \",REPT(\" \",$H$11-LEN(TEXT(TableExtrap!H200,H$10)))&TEXT(TableExtrap!H200,H$10)&REPT(\" \",$I$11-LEN(TEXT(TableExtrap!I200,I$10)))&TEXT(TableExtrap!I200,I$10)&REPT(\" \",$J$11-LEN(TEXT(TableExtrap!J200,J$10)))&TEXT(TableExtrap!J200,J$10)&IF($G$1=1,REPT(\" \",$K$11-LEN(TEXT(TableExtrap!K200,K$10)))&TEXT(TableExtrap!K200,K$10),\"\"))","v":" "}]
[{"$f":"IF(TableExtrap!J201=0,\" \",REPT(\" \",$H$11-LEN(TEXT(TableExtrap!H201,H$10)))&TEXT(TableExtrap!H201,H$10)&REPT(\" \",$I$11-LEN(TEXT(TableExtrap!I201,I$10)))&TEXT(TableExtrap!I201,I$10)&REPT(\" \",$J$11-LEN(TEXT(TableExtrap!J201,J$10)))&TEXT(TableExtrap!J201,J$10)&IF($G$1=1,REPT(\" \",$K$11-LEN(TEXT(TableExtrap!K201,K$10)))&TEXT(TableExtrap!K201,K$10),\"\"))","v":" "}]
[{"$f":"IF(TableExtrap!J202=0,\" \",REPT(\" \",$H$11-LEN(TEXT(TableExtrap!H202,H$10)))&TEXT(TableExtrap!H202,H$10)&REPT(\" \",$I$11-LEN(TEXT(TableExtrap!I202,I$10)))&TEXT(TableExtrap!I202,I$10)&REPT(\" \",$J$11-LEN(TEXT(TableExtrap!J202,J$10)))&TEXT(TableExtrap!J202,J$10)&IF($G$1=1,REPT(\" \",$K$11-LEN(TEXT(TableExtrap!K202,K$10)))&TEXT(TableExtrap!K202,K$10),\"\"))","v":" "}]
[{"$f":"IF(TableExtrap!J203=0,\" \",REPT(\" \",$H$11-LEN(TEXT(TableExtrap!H203,H$10)))&TEXT(TableExtrap!H203,H$10)&REPT(\" \",$I$11-LEN(TEXT(TableExtrap!I203,I$10)))&TEXT(TableExtrap!I203,I$10)&REPT(\" \",$J$11-LEN(TEXT(TableExtrap!J203,J$10)))&TEXT(TableExtrap!J203,J$10)&IF($G$1=1,REPT(\" \",$K$11-LEN(TEXT(TableExtrap!K203,K$10)))&TEXT(TableExtrap!K203,K$10),\"\"))","v":" "}]
[{"$f":"IF(TableExtrap!J204=0,\" \",REPT(\" \",$H$11-LEN(TEXT(TableExtrap!H204,H$10)))&TEXT(TableExtrap!H204,H$10)&REPT(\" \",$I$11-LEN(TEXT(TableExtrap!I204,I$10)))&TEXT(TableExtrap!I204,I$10)&REPT(\" \",$J$11-LEN(TEXT(TableExtrap!J204,J$10)))&TEXT(TableExtrap!J204,J$10)&IF($G$1=1,REPT(\" \",$K$11-LEN(TEXT(TableExtrap!K204,K$10)))&TEXT(TableExtrap!K204,K$10),\"\"))","v":" "}]
[{"$f":"IF(TableExtrap!J205=0,\" \",REPT(\" \",$H$11-LEN(TEXT(TableExtrap!H205,H$10)))&TEXT(TableExtrap!H205,H$10)&REPT(\" \",$I$11-LEN(TEXT(TableExtrap!I205,I$10)))&TEXT(TableExtrap!I205,I$10)&REPT(\" \",$J$11-LEN(TEXT(TableExtrap!J205,J$10)))&TEXT(TableExtrap!J205,J$10)&IF($G$1=1,REPT(\" \",$K$11-LEN(TEXT(TableExtrap!K205,K$10)))&TEXT(TableExtrap!K205,K$10),\"\"))","v":" "}]
[{"$f":"IF(TableExtrap!J206=0,\" \",REPT(\" \",$H$11-LEN(TEXT(TableExtrap!H206,H$10)))&TEXT(TableExtrap!H206,H$10)&REPT(\" \",$I$11-LEN(TEXT(TableExtrap!I206,I$10)))&TEXT(TableExtrap!I206,I$10)&REPT(\" \",$J$11-LEN(TEXT(TableExtrap!J206,J$10)))&TEXT(TableExtrap!J206,J$10)&IF($G$1=1,REPT(\" \",$K$11-LEN(TEXT(TableExtrap!K206,K$10)))&TEXT(TableExtrap!K206,K$10),\"\"))","v":" "}]
[{"$f":"IF(TableExtrap!J207=0,\" \",REPT(\" \",$H$11-LEN(TEXT(TableExtrap!H207,H$10)))&TEXT(TableExtrap!H207,H$10)&REPT(\" \",$I$11-LEN(TEXT(TableExtrap!I207,I$10)))&TEXT(TableExtrap!I207,I$10)&REPT(\" \",$J$11-LEN(TEXT(TableExtrap!J207,J$10)))&TEXT(TableExtrap!J207,J$10)&IF($G$1=1,REPT(\" \",$K$11-LEN(TEXT(TableExtrap!K207,K$10)))&TEXT(TableExtrap!K207,K$10),\"\"))","v":" "}]
[{"$f":"IF(TableExtrap!J208=0,\" \",REPT(\" \",$H$11-LEN(TEXT(TableExtrap!H208,H$10)))&TEXT(TableExtrap!H208,H$10)&REPT(\" \",$I$11-LEN(TEXT(TableExtrap!I208,I$10)))&TEXT(TableExtrap!I208,I$10)&REPT(\" \",$J$11-LEN(TEXT(TableExtrap!J208,J$10)))&TEXT(TableExtrap!J208,J$10)&IF($G$1=1,REPT(\" \",$K$11-LEN(TEXT(TableExtrap!K208,K$10)))&TEXT(TableExtrap!K208,K$10),\"\"))","v":" "}]
[{"$f":"IF(TableExtrap!J209=0,\" \",REPT(\" \",$H$11-LEN(TEXT(TableExtrap!H209,H$10)))&TEXT(TableExtrap!H209,H$10)&REPT(\" \",$I$11-LEN(TEXT(TableExtrap!I209,I$10)))&TEXT(TableExtrap!I209,I$10)&REPT(\" \",$J$11-LEN(TEXT(TableExtrap!J209,J$10)))&TEXT(TableExtrap!J209,J$10)&IF($G$1=1,REPT(\" \",$K$11-LEN(TEXT(TableExtrap!K209,K$10)))&TEXT(TableExtrap!K209,K$10),\"\"))","v":" "}]
[{"$f":"IF(TableExtrap!J210=0,\" \",REPT(\" \",$H$11-LEN(TEXT(TableExtrap!H210,H$10)))&TEXT(TableExtrap!H210,H$10)&REPT(\" \",$I$11-LEN(TEXT(TableExtrap!I210,I$10)))&TEXT(TableExtrap!I210,I$10)&REPT(\" \",$J$11-LEN(TEXT(TableExtrap!J210,J$10)))&TEXT(TableExtrap!J210,J$10)&IF($G$1=1,REPT(\" \",$K$11-LEN(TEXT(TableExtrap!K210,K$10)))&TEXT(TableExtrap!K210,K$10),\"\"))","v":" "}]
[{"$f":"IF(TableExtrap!J211=0,\" \",REPT(\" \",$H$11-LEN(TEXT(TableExtrap!H211,H$10)))&TEXT(TableExtrap!H211,H$10)&REPT(\" \",$I$11-LEN(TEXT(TableExtrap!I211,I$10)))&TEXT(TableExtrap!I211,I$10)&REPT(\" \",$J$11-LEN(TEXT(TableExtrap!J211,J$10)))&TEXT(TableExtrap!J211,J$10)&IF($G$1=1,REPT(\" \",$K$11-LEN(TEXT(TableExtrap!K211,K$10)))&TEXT(TableExtrap!K211,K$10),\"\"))","v":" "}]
[{"$f":"IF(TableExtrap!J212=0,\" \",REPT(\" \",$H$11-LEN(TEXT(TableExtrap!H212,H$10)))&TEXT(TableExtrap!H212,H$10)&REPT(\" \",$I$11-LEN(TEXT(TableExtrap!I212,I$10)))&TEXT(TableExtrap!I212,I$10)&REPT(\" \",$J$11-LEN(TEXT(TableExtrap!J212,J$10)))&TEXT(TableExtrap!J212,J$10)&IF($G$1=1,REPT(\" \",$K$11-LEN(TEXT(TableExtrap!K212,K$10)))&TEXT(TableExtrap!K212,K$10),\"\"))","v":" "}]
[{"$f":"IF(TableExtrap!J213=0,\" \",REPT(\" \",$H$11-LEN(TEXT(TableExtrap!H213,H$10)))&TEXT(TableExtrap!H213,H$10)&REPT(\" \",$I$11-LEN(TEXT(TableExtrap!I213,I$10)))&TEXT(TableExtrap!I213,I$10)&REPT(\" \",$J$11-LEN(TEXT(TableExtrap!J213,J$10)))&TEXT(TableExtrap!J213,J$10)&IF($G$1=1,REPT(\" \",$K$11-LEN(TEXT(TableExtrap!K213,K$10)))&TEXT(TableExtrap!K213,K$10),\"\"))","v":" "}]
[{"$f":"IF(TableExtrap!J214=0,\" \",REPT(\" \",$H$11-LEN(TEXT(TableExtrap!H214,H$10)))&TEXT(TableExtrap!H214,H$10)&REPT(\" \",$I$11-LEN(TEXT(TableExtrap!I214,I$10)))&TEXT(TableExtrap!I214,I$10)&REPT(\" \",$J$11-LEN(TEXT(TableExtrap!J214,J$10)))&TEXT(TableExtrap!J214,J$10)&IF($G$1=1,REPT(\" \",$K$11-LEN(TEXT(TableExtrap!K214,K$10)))&TEXT(TableExtrap!K214,K$10),\"\"))","v":" "}]
[{"$f":"IF(TableExtrap!J215=0,\" \",REPT(\" \",$H$11-LEN(TEXT(TableExtrap!H215,H$10)))&TEXT(TableExtrap!H215,H$10)&REPT(\" \",$I$11-LEN(TEXT(TableExtrap!I215,I$10)))&TEXT(TableExtrap!I215,I$10)&REPT(\" \",$J$11-LEN(TEXT(TableExtrap!J215,J$10)))&TEXT(TableExtrap!J215,J$10)&IF($G$1=1,REPT(\" \",$K$11-LEN(TEXT(TableExtrap!K215,K$10)))&TEXT(TableExtrap!K215,K$10),\"\"))","v":" "}]